{"id":20109,"date":"2024-01-02T12:13:25","date_gmt":"2024-01-02T18:13:25","guid":{"rendered":"https:\/\/teec.org.mx\/web\/?page_id=20109"},"modified":"2025-01-06T15:46:48","modified_gmt":"2025-01-06T21:46:48","slug":"estrados-electronicos-2024","status":"publish","type":"page","link":"https:\/\/teec.org.mx\/web\/estrados-electronicos-2024\/","title":{"rendered":"Estrados Electr\u00f3nicos 2024"},"content":{"rendered":"\n<p>\u00a0<\/p>\n<p>\u00a0<\/p>\n<p>\u00a0<\/p>\n<h1 style=\"text-align: center;\">Estrados Electr\u00f3nicos 2024<\/h1>\n<p>\u00a0<\/p>\n<table class=\" aligncenter\" style=\"width: 88.9634%; border-collapse: collapse; height: 798px;\">\n<tbody>\n<tr style=\"height: 27px;\">\n<td style=\"width: 81.6941%; height: 27px;\"><span style=\"font-size: 24pt;\">Recursos de Apelaci\u00f3n<\/span><\/td>\n<td style=\"width: 5.83587%; height: 27px;\"><span style=\"font-size: 24pt;\"><a href=\"https:\/\/teec.org.mx\/web\/rap-2024\/\">RAP<\/a><\/span><\/td>\n<\/tr>\n<tr style=\"height: 10px;\">\n<td style=\"width: 81.6941%; height: 10px;\"><span style=\"font-size: 24pt;\">Juicio de Inconformidad<\/span><\/td>\n<td style=\"width: 5.83587%; height: 10px;\"><a href=\"https:\/\/teec.org.mx\/web\/jin-2024\/\"><span style=\"font-size: 24pt;\">JIN<\/span><\/a><\/td>\n<\/tr>\n<tr style=\"height: 10px;\">\n<td style=\"width: 81.6941%; height: 10px;\"><span style=\"font-size: 24pt;\">Cuaderno Incidental<\/span><\/td>\n<td style=\"width: 5.83587%; height: 10px;\"><span style=\"font-size: 24pt;\"><a href=\"https:\/\/teec.org.mx\/web\/inc-2024\/\">INC<\/a><\/span><\/td>\n<\/tr>\n<tr style=\"height: 75px;\">\n<td style=\"width: 81.6941%; height: 75px;\"><span style=\"font-size: 24pt;\">Juicio para la Protecci\u00f3n de los Derechos Pol\u00edticos-Electorales de la Ciudadan\u00eda<\/span><\/td>\n<td style=\"width: 5.83587%; height: 75px;\"><span style=\"font-size: 24pt;\"><a href=\"https:\/\/teec.org.mx\/web\/jdc-2024\/\">JDC<\/a><\/span><\/td>\n<\/tr>\n<tr style=\"height: 27px;\">\n<td style=\"width: 81.6941%; height: 27px;\"><span style=\"font-size: 24pt;\">Asuntos Generales<\/span><\/td>\n<td style=\"width: 5.83587%; height: 27px;\"><span style=\"font-size: 24pt;\"><a href=\"https:\/\/teec.org.mx\/web\/ag-2024\/\">AG<\/a><\/span><\/td>\n<\/tr>\n<tr style=\"height: 27px;\">\n<td style=\"width: 81.6941%; height: 27px;\"><span style=\"font-size: 24pt;\">Expedientillos<\/span><\/td>\n<td style=\"width: 5.83587%; height: 27px;\"><span style=\"font-size: 24pt;\"><a href=\"https:\/\/teec.org.mx\/web\/expedientillos-2024\/\">EXP<\/a><\/span><\/td>\n<\/tr>\n<tr style=\"height: 35px;\">\n<td style=\"width: 81.6941%; height: 35px;\"><span style=\"font-size: 24pt;\">Procedimiento Especial Sancionador<\/span><\/td>\n<td style=\"width: 5.83587%; height: 35px;\"><span style=\"font-size: 24pt;\"><a href=\"https:\/\/teec.org.mx\/web\/pes-2024\/\">PES<\/a><\/span><\/td>\n<\/tr>\n<tr style=\"height: 51px;\">\n<td style=\"width: 81.6941%; height: 51px;\"><span style=\"font-size: 24pt;\">Impedimento para conocer medios de impugnaci\u00f3n<\/span><\/td>\n<td style=\"width: 5.83587%; height: 51px;\"><span style=\"font-size: 24pt;\"><a href=\"https:\/\/teec.org.mx\/web\/imp-2024\/\">IMP<\/a><\/span><\/td>\n<\/tr>\n<tr style=\"height: 27px;\">\n<td style=\"width: 81.6941%; height: 27px;\"><span style=\"font-size: 24pt;\">Juicio Electoral<\/span><\/td>\n<td style=\"width: 5.83587%; height: 27px;\"><span style=\"font-size: 24pt;\"><a href=\"https:\/\/teec.org.mx\/web\/je-2024\/\">JE<\/a><\/span><\/td>\n<\/tr>\n<tr style=\"height: 24px;\">\n<td style=\"width: 81.6941%; height: 24px;\"><span style=\"font-size: 24pt;\">Actas Electorales<\/span><\/td>\n<td style=\"width: 5.83587%; height: 24px;\"><span style=\"font-size: 24pt;\"><a href=\"https:\/\/teec.org.mx\/web\/actas-electorales-2024\/\">Actas<\/a><\/span><\/td>\n<\/tr>\n<\/tbody>\n<\/table>\n<p>\u00a0<\/p>\n","protected":false},"excerpt":{"rendered":"<p>\u00a0 \u00a0 \u00a0 Estrados Electr\u00f3nicos 2024 \u00a0 Recursos de Apelaci\u00f3n RAP Juicio de Inconformidad JIN Cuaderno Incidental INC Juicio para la Protecci\u00f3n de los Derechos Pol\u00edticos-Electorales de la Ciudadan\u00eda JDC Asuntos Generales AG Expedientillos EXP Procedimiento Especial Sancionador PES Impedimento para conocer medios de impugnaci\u00f3n IMP Juicio Electoral JE Actas Electorales Actas \u00a0<\/p>\n","protected":false},"author":1,"featured_media":0,"parent":0,"menu_order":0,"comment_status":"closed","ping_status":"closed","template":"","meta":{"footnotes":""},"yst_prominent_words":[518,261],"_links":{"self":[{"href":"https:\/\/teec.org.mx\/web\/wp-json\/wp\/v2\/pages\/20109"}],"collection":[{"href":"https:\/\/teec.org.mx\/web\/wp-json\/wp\/v2\/pages"}],"about":[{"href":"https:\/\/teec.org.mx\/web\/wp-json\/wp\/v2\/types\/page"}],"author":[{"embeddable":true,"href":"https:\/\/teec.org.mx\/web\/wp-json\/wp\/v2\/users\/1"}],"replies":[{"embeddable":true,"href":"https:\/\/teec.org.mx\/web\/wp-json\/wp\/v2\/comments?post=20109"}],"version-history":[{"count":27,"href":"https:\/\/teec.org.mx\/web\/wp-json\/wp\/v2\/pages\/20109\/revisions"}],"predecessor-version":[{"id":27244,"href":"https:\/\/teec.org.mx\/web\/wp-json\/wp\/v2\/pages\/20109\/revisions\/27244"}],"wp:attachment":[{"href":"https:\/\/teec.org.mx\/web\/wp-json\/wp\/v2\/media?parent=20109"}],"wp:term":[{"taxonomy":"yst_prominent_words","embeddable":true,"href":"https:\/\/teec.org.mx\/web\/wp-json\/wp\/v2\/yst_prominent_words?post=20109"}],"curies":[{"name":"wp","href":"https:\/\/api.w.org\/{rel}","templated":true}]}}