{"id":5447,"date":"2020-04-22T13:45:03","date_gmt":"2020-04-22T18:45:03","guid":{"rendered":"https:\/\/teec.org.mx\/web\/?page_id=5447"},"modified":"2026-02-04T13:47:05","modified_gmt":"2026-02-04T19:47:05","slug":"fraccion-xxi","status":"publish","type":"page","link":"https:\/\/teec.org.mx\/web\/fraccion-xxi\/","title":{"rendered":"Fracci\u00f3n XXI"},"content":{"rendered":"\n<div class=\"wp-block-columns is-layout-flex wp-container-core-columns-layout-1 wp-block-columns-is-layout-flex\">\n<div class=\"wp-block-column is-layout-flow wp-block-column-is-layout-flow\" style=\"flex-basis:5%\"><\/div>\n\n\n\n<div class=\"wp-block-column is-layout-flow wp-block-column-is-layout-flow\" style=\"flex-basis:90%\">\n<h4 class=\"wp-block-heading\">Fracci\u00f3n XXI<\/h4>\n\n\n\n<h3 class=\"wp-block-heading\">Informaci\u00f3n presupuestal<\/h3>\n\n\n\n<div class=\"wp-block-buttons is-layout-flex wp-block-buttons-is-layout-flex\">\n<div class=\"wp-block-button is-style-fill\"><a class=\"wp-block-button__link has-white-color has-text-color has-background wp-element-button\" href=\"https:\/\/teec.org.mx\/web\/wp-content\/uploads\/2026\/02\/Fraccion-XXI-4to-tri-2025.zip\" style=\"background-color:#020b43\">Descargar formatos SIPOT_PNT<\/a><\/div>\n<\/div>\n<\/div>\n\n\n\n<div class=\"wp-block-column is-layout-flow wp-block-column-is-layout-flow\" style=\"flex-basis:5%\"><\/div>\n<\/div>\n\n\n\n<div class=\"wp-block-columns is-layout-flex wp-container-core-columns-layout-2 wp-block-columns-is-layout-flex\">\n<div class=\"wp-block-column is-layout-flow wp-block-column-is-layout-flow\" style=\"flex-basis:4%\"><\/div>\n\n\n\n<div class=\"wp-block-column is-layout-flow wp-block-column-is-layout-flow\" style=\"flex-basis:91.16%\">\n<p>\u00a0<\/p>\n<ol style=\"list-style-type: lower-alpha;\">\n<li style=\"text-align: justify;\"><span style=\"font-size: 18pt;\"><a href=\"https:\/\/teec.org.mx\/web\/fraccion-xxia\/\">Informaci\u00f3n financiera (de presupuesto asignado anual)<\/a><\/span><\/li>\n<li style=\"text-align: justify;\"><span style=\"font-size: 18pt;\"><a href=\"https:\/\/teec.org.mx\/web\/fraccion-xxib\/\">Informaci\u00f3n financiera (de informes trimestrales de gasto)<\/a><\/span><\/li>\n<li style=\"text-align: justify;\"><span style=\"font-size: 18pt;\"><a href=\"https:\/\/teec.org.mx\/web\/fraccion-xxic\/\">Informaci\u00f3n financiera (cuenta p\u00fablica)<\/a><\/span><\/li>\n<\/ol>\n<p style=\"text-align: justify;\">\u00a0<\/p>\n<\/div>\n\n\n\n<div class=\"wp-block-column is-layout-flow wp-block-column-is-layout-flow\" style=\"flex-basis:4.84%\"><\/div>\n<\/div>\n","protected":false},"excerpt":{"rendered":"<p>Fracci\u00f3n XXI Informaci\u00f3n presupuestal \u00a0 Informaci\u00f3n financiera (de presupuesto asignado anual) Informaci\u00f3n financiera (de informes trimestrales de gasto) Informaci\u00f3n financiera (cuenta p\u00fablica) \u00a0<\/p>\n","protected":false},"author":1,"featured_media":0,"parent":0,"menu_order":0,"comment_status":"closed","ping_status":"closed","template":"","meta":{"footnotes":""},"yst_prominent_words":[198,178,196],"_links":{"self":[{"href":"https:\/\/teec.org.mx\/web\/wp-json\/wp\/v2\/pages\/5447"}],"collection":[{"href":"https:\/\/teec.org.mx\/web\/wp-json\/wp\/v2\/pages"}],"about":[{"href":"https:\/\/teec.org.mx\/web\/wp-json\/wp\/v2\/types\/page"}],"author":[{"embeddable":true,"href":"https:\/\/teec.org.mx\/web\/wp-json\/wp\/v2\/users\/1"}],"replies":[{"embeddable":true,"href":"https:\/\/teec.org.mx\/web\/wp-json\/wp\/v2\/comments?post=5447"}],"version-history":[{"count":31,"href":"https:\/\/teec.org.mx\/web\/wp-json\/wp\/v2\/pages\/5447\/revisions"}],"predecessor-version":[{"id":32649,"href":"https:\/\/teec.org.mx\/web\/wp-json\/wp\/v2\/pages\/5447\/revisions\/32649"}],"wp:attachment":[{"href":"https:\/\/teec.org.mx\/web\/wp-json\/wp\/v2\/media?parent=5447"}],"wp:term":[{"taxonomy":"yst_prominent_words","embeddable":true,"href":"https:\/\/teec.org.mx\/web\/wp-json\/wp\/v2\/yst_prominent_words?post=5447"}],"curies":[{"name":"wp","href":"https:\/\/api.w.org\/{rel}","templated":true}]}}