{"id":5659,"date":"2020-04-28T09:56:20","date_gmt":"2020-04-28T14:56:20","guid":{"rendered":"https:\/\/teec.org.mx\/web\/?page_id=5659"},"modified":"2026-03-17T14:48:35","modified_gmt":"2026-03-17T20:48:35","slug":"fraccion-viii","status":"publish","type":"page","link":"https:\/\/teec.org.mx\/web\/fraccion-viii\/","title":{"rendered":"Fracci\u00f3n VIII"},"content":{"rendered":"\n<div class=\"wp-block-columns is-layout-flex wp-container-core-columns-layout-1 wp-block-columns-is-layout-flex\">\n<div class=\"wp-block-column is-layout-flow wp-block-column-is-layout-flow\" style=\"flex-basis:5%\"><\/div>\n\n\n\n<div class=\"wp-block-column is-layout-flow wp-block-column-is-layout-flow\" style=\"flex-basis:89.2%\">\n<h4 class=\"wp-block-heading\">Fracci\u00f3n VIII<\/h4>\n\n\n\n<h3 class=\"wp-block-heading\">Remuneraci\u00f3n bruta y neta de los servidores p\u00fablicos del TEEC<\/h3>\n\n\n\n<div class=\"wp-block-buttons is-layout-flex wp-block-buttons-is-layout-flex\">\n<div class=\"wp-block-button is-style-fill\"><a class=\"wp-block-button__link has-white-color has-text-color has-background wp-element-button\" href=\"https:\/\/teec.org.mx\/web\/wp-content\/uploads\/2026\/02\/Fraccion-VIII-4to-tri-2025.zip\" style=\"background-color:#020b43\"><strong>Descargar formatos SIPOT_PNT<\/strong><\/a><\/div>\n<\/div>\n<\/div>\n\n\n\n<div class=\"wp-block-column is-layout-flow wp-block-column-is-layout-flow\" style=\"flex-basis:5%\"><\/div>\n<\/div>\n\n\n\n<div class=\"wp-block-columns is-layout-flex wp-container-core-columns-layout-2 wp-block-columns-is-layout-flex\">\n<div class=\"wp-block-column is-layout-flow wp-block-column-is-layout-flow\" style=\"flex-basis:15%\"><\/div>\n\n\n\n<div class=\"wp-block-column is-layout-flow wp-block-column-is-layout-flow\" style=\"flex-basis:70%\">\n<p>\u00a0<\/p>\n<table style=\"border-collapse: collapse; width: 100%; height: 74px;\">\n<tbody>\n<tr style=\"height: 51px;\">\n<td style=\"width: 100%; background-color: #020b43; text-align: center; height: 51px;\"><span style=\"font-size: 18pt;\"><strong><span style=\"color: #ffffff;\">Remuneraci\u00f3n bruta y neta de los servidores p\u00fablicos<\/span><\/strong><\/span><\/td>\n<\/tr>\n<tr style=\"height: 23px;\">\n<td style=\"width: 100%; height: 23px; text-align: center;\"><a href=\"https:\/\/teec.org.mx\/web\/wp-content\/uploads\/2026\/02\/Tabulador-TEEC-2026.pdf\" target=\"_blank\" rel=\"noopener\"><span style=\"font-size: 24px;\"><b>2026<\/b><\/span><\/a><\/td>\n<\/tr>\n<\/tbody>\n<\/table>\n<p>\u00a0<\/p>\n<table style=\"border-collapse: collapse; width: 100%; height: 74px;\">\n<tbody>\n<tr style=\"height: 51px;\">\n<td style=\"width: 100%; background-color: #020b43; text-align: center; height: 51px;\"><span style=\"font-size: 18pt;\"><strong><span style=\"color: #ffffff;\">Remuneraci\u00f3n bruta y neta de los servidores p\u00fablicos<\/span><\/strong><\/span><\/td>\n<\/tr>\n<tr style=\"height: 23px;\">\n<td style=\"width: 100%; height: 23px; text-align: center;\"><a href=\"https:\/\/teec.org.mx\/web\/wp-content\/uploads\/2025\/04\/Tabulador-2025.pdf\" target=\"_blank\" rel=\"noopener\"><span style=\"font-size: 24px;\"><b>2025<\/b><\/span><\/a><\/td>\n<\/tr>\n<\/tbody>\n<\/table>\n<p>\u00a0<\/p>\n<table style=\"border-collapse: collapse; width: 100%; height: 74px;\">\n<tbody>\n<tr style=\"height: 51px;\">\n<td style=\"width: 100%; background-color: #020b43; text-align: center; height: 51px;\"><span style=\"font-size: 18pt;\"><strong><span style=\"color: #ffffff;\">Remuneraci\u00f3n bruta y neta de los servidores p\u00fablicos<\/span><\/strong><\/span><\/td>\n<\/tr>\n<tr style=\"height: 23px;\">\n<td style=\"width: 100%; height: 23px; text-align: center;\"><a href=\"https:\/\/teec.org.mx\/web\/wp-content\/uploads\/2024\/01\/Tabulador-del-TEEC-2024.pdf\" target=\"_blank\" rel=\"noopener\"><span style=\"font-size: 24px;\"><b>2024<\/b><\/span><\/a><\/td>\n<\/tr>\n<\/tbody>\n<\/table>\n<p>\u00a0<\/p>\n<table style=\"border-collapse: collapse; width: 100%; height: 74px;\">\n<tbody>\n<tr style=\"height: 51px;\">\n<td style=\"width: 100%; background-color: #020b43; text-align: center; height: 51px;\"><span style=\"font-size: 18pt;\"><strong><span style=\"color: #ffffff;\">Remuneraci\u00f3n bruta y neta de los servidores p\u00fablicos<\/span><\/strong><\/span><\/td>\n<\/tr>\n<tr style=\"height: 23px;\">\n<td style=\"width: 100%; height: 23px; text-align: center;\"><a href=\"https:\/\/teec.org.mx\/web\/wp-content\/uploads\/2023\/01\/Tabulador-2023-TEEC.pdf\" target=\"_blank\" rel=\"noopener\"><span style=\"font-size: 18pt;\"><strong>2023<\/strong><\/span><\/a><\/td>\n<\/tr>\n<\/tbody>\n<\/table>\n<p>\u00a0<\/p>\n<table style=\"border-collapse: collapse; width: 100%; height: 74px;\">\n<tbody>\n<tr style=\"height: 51px;\">\n<td style=\"width: 100%; background-color: #020b43; text-align: center; height: 51px;\"><span style=\"font-size: 18pt;\"><strong><span style=\"color: #ffffff;\">Remuneraci\u00f3n bruta y neta de los servidores p\u00fablicos<\/span><\/strong><\/span><\/td>\n<\/tr>\n<tr style=\"height: 23px;\">\n<td style=\"width: 100%; height: 23px; text-align: center;\"><span style=\"font-size: 18pt;\"><strong><a href=\"https:\/\/teec.org.mx\/web\/wp-content\/uploads\/2022\/01\/Tabulador-2022-TEEC.pdf\" target=\"_blank\" rel=\"noopener\">2022<\/a><\/strong><\/span><\/td>\n<\/tr>\n<\/tbody>\n<\/table>\n<p>\u00a0<\/p>\n<table style=\"border-collapse: collapse; width: 100%; height: 46px;\">\n<tbody>\n<tr style=\"height: 23px;\">\n<td style=\"width: 100%; height: 23px; background-color: #020b43; text-align: center; vertical-align: middle;\"><span style=\"font-size: 18pt;\"><strong><span style=\"color: #ffffff;\">Remuneraci\u00f3n bruta y neta de los servidores p\u00fablicos<\/span><\/strong><\/span><\/td>\n<\/tr>\n<tr style=\"height: 23px;\">\n<td style=\"width: 100%; height: 23px;\">\n<p style=\"text-align: center;\"><span style=\"font-size: 18pt;\"><a href=\"https:\/\/teec.org.mx\/web\/wp-content\/uploads\/2021\/01\/Tabulador-de-Salarios-TEEC-2021.pdf\" target=\"_blank\" rel=\"noopener\"><b>2021<\/b><\/a><\/span><\/p>\n<\/td>\n<\/tr>\n<\/tbody>\n<\/table>\n<p>\u00a0<\/p>\n<table style=\"border-collapse: collapse; width: 100%; height: 46px;\">\n<tbody>\n<tr style=\"height: 23px;\">\n<td style=\"width: 100%; height: 23px; background-color: #020b43; text-align: center; vertical-align: middle;\"><span style=\"font-size: 18pt;\"><strong><span style=\"color: #ffffff;\">Remuneraci\u00f3n bruta y neta de los servidores p\u00fablicos<\/span><\/strong><\/span><\/td>\n<\/tr>\n<tr style=\"height: 23px;\">\n<td style=\"width: 100%; height: 23px;\">\n<p style=\"text-align: center;\"><span style=\"font-size: 18pt;\"><a href=\"https:\/\/teec.org.mx\/web\/wp-content\/uploads\/2020\/12\/Tabulador-del-TEEC-2020-v2.pdf\" target=\"_blank\" rel=\"noopener noreferrer\"><b>2020<\/b><\/a><\/span><\/p>\n<\/td>\n<\/tr>\n<\/tbody>\n<\/table>\n<p>\u00a0<\/p>\n<table style=\"border-collapse: collapse; width: 100%; height: 46px;\">\n<tbody>\n<tr style=\"height: 23px;\">\n<td style=\"width: 100%; height: 23px; background-color: #020b43; text-align: center; vertical-align: middle;\"><span style=\"font-size: 18pt;\"><strong><span style=\"color: #ffffff;\">Remuneraci\u00f3n bruta y neta de los servidores p\u00fablicos<\/span><\/strong><\/span><\/td>\n<\/tr>\n<tr style=\"height: 23px;\">\n<td style=\"width: 100%; height: 23px;\">\n<p style=\"text-align: center;\"><span style=\"font-size: 18pt;\"><a href=\"https:\/\/teec.org.mx\/web\/wp-content\/uploads\/2020\/04\/Tabulador-del-TEEC-2019.pdf\" target=\"_blank\" rel=\"noopener noreferrer\"><b>2019<\/b><\/a><\/span><\/p>\n<\/td>\n<\/tr>\n<\/tbody>\n<\/table>\n<p>\u00a0<\/p>\n\n\n\n<p><\/p>\n<\/div>\n\n\n\n<div class=\"wp-block-column is-layout-flow wp-block-column-is-layout-flow\" style=\"flex-basis:15%\"><\/div>\n<\/div>\n\n\n\n<p><\/p>\n","protected":false},"excerpt":{"rendered":"<p>Fracci\u00f3n VIII Remuneraci\u00f3n bruta y neta de los servidores p\u00fablicos del TEEC \u00a0 Remuneraci\u00f3n bruta y neta de los servidores p\u00fablicos 2026 \u00a0 Remuneraci\u00f3n bruta y neta de los servidores p\u00fablicos 2025 \u00a0 Remuneraci\u00f3n bruta y neta de los servidores p\u00fablicos 2024 \u00a0 Remuneraci\u00f3n bruta y neta de los servidores p\u00fablicos 2023 \u00a0 Remuneraci\u00f3n bruta [&hellip;]<\/p>\n","protected":false},"author":1,"featured_media":0,"parent":0,"menu_order":0,"comment_status":"closed","ping_status":"closed","template":"","meta":{"footnotes":""},"yst_prominent_words":[576,573,577,572,570,191,575,574,571,197,189],"_links":{"self":[{"href":"https:\/\/teec.org.mx\/web\/wp-json\/wp\/v2\/pages\/5659"}],"collection":[{"href":"https:\/\/teec.org.mx\/web\/wp-json\/wp\/v2\/pages"}],"about":[{"href":"https:\/\/teec.org.mx\/web\/wp-json\/wp\/v2\/types\/page"}],"author":[{"embeddable":true,"href":"https:\/\/teec.org.mx\/web\/wp-json\/wp\/v2\/users\/1"}],"replies":[{"embeddable":true,"href":"https:\/\/teec.org.mx\/web\/wp-json\/wp\/v2\/comments?post=5659"}],"version-history":[{"count":43,"href":"https:\/\/teec.org.mx\/web\/wp-json\/wp\/v2\/pages\/5659\/revisions"}],"predecessor-version":[{"id":32724,"href":"https:\/\/teec.org.mx\/web\/wp-json\/wp\/v2\/pages\/5659\/revisions\/32724"}],"wp:attachment":[{"href":"https:\/\/teec.org.mx\/web\/wp-json\/wp\/v2\/media?parent=5659"}],"wp:term":[{"taxonomy":"yst_prominent_words","embeddable":true,"href":"https:\/\/teec.org.mx\/web\/wp-json\/wp\/v2\/yst_prominent_words?post=5659"}],"curies":[{"name":"wp","href":"https:\/\/api.w.org\/{rel}","templated":true}]}}