{"id":5701,"date":"2020-04-28T13:17:50","date_gmt":"2020-04-28T18:17:50","guid":{"rendered":"https:\/\/teec.org.mx\/web\/?page_id=5701"},"modified":"2026-02-04T13:56:15","modified_gmt":"2026-02-04T19:56:15","slug":"fraccion-xiii","status":"publish","type":"page","link":"https:\/\/teec.org.mx\/web\/fraccion-xiii\/","title":{"rendered":"Fracci\u00f3n XIII"},"content":{"rendered":"\n<div class=\"wp-block-columns is-layout-flex wp-container-core-columns-layout-1 wp-block-columns-is-layout-flex\">\n<div class=\"wp-block-column is-layout-flow wp-block-column-is-layout-flow\" style=\"flex-basis:5%\"><\/div>\n\n\n\n<div class=\"wp-block-column is-layout-flow wp-block-column-is-layout-flow\" style=\"flex-basis:89.2%\">\n<h4 class=\"wp-block-heading\">Fracci\u00f3n XIII<\/h4>\n\n\n\n<h3 class=\"wp-block-heading\">Unidad de transparencia<\/h3>\n\n\n\n<div class=\"wp-block-buttons is-layout-flex wp-block-buttons-is-layout-flex\">\n<div class=\"wp-block-button is-style-fill\"><a class=\"wp-block-button__link has-white-color has-text-color has-background wp-element-button\" href=\"https:\/\/teec.org.mx\/web\/wp-content\/uploads\/2026\/02\/Fraccion-XIII-4to-tri-2025.zip\" style=\"background-color:#020b43\"><strong>Descargar formatos SIPOT_PNT<\/strong><\/a><\/div>\n<\/div>\n<\/div>\n\n\n\n<div class=\"wp-block-column is-layout-flow wp-block-column-is-layout-flow\" style=\"flex-basis:5%\"><\/div>\n<\/div>\n\n\n\n<div class=\"wp-block-columns is-layout-flex wp-container-core-columns-layout-2 wp-block-columns-is-layout-flex\">\n<div class=\"wp-block-column is-layout-flow wp-block-column-is-layout-flow\" style=\"flex-basis:15%\"><\/div>\n\n\n\n<div class=\"wp-block-column is-layout-flow wp-block-column-is-layout-flow\" style=\"flex-basis:70%\">\n<p>\u00a0<\/p>\n<table style=\"border-collapse: collapse; width: 100%; height: 50px;\">\n<tbody>\n<tr style=\"height: 23px;\">\n<td style=\"width: 100%; height: 27px; background-color: #020b43; text-align: center; vertical-align: middle;\"><span style=\"font-size: 24pt;\"><strong><span style=\"color: #ffffff;\">Titular<\/span><\/strong><\/span><\/td>\n<\/tr>\n<tr style=\"height: 23px;\">\n<td style=\"width: 100%; height: 23px;\">\n<p style=\"text-align: center;\"><span style=\"font-size: 24px;\"><b>Dr. Francisco Javier Ac Ord\u00f3\u00f1ez<\/b><\/span><\/p>\n<\/td>\n<\/tr>\n<\/tbody>\n<\/table>\n<p>\u00a0<\/p>\n<table style=\"border-collapse: collapse; width: 100%; height: 50px;\">\n<tbody>\n<tr style=\"height: 23px;\">\n<td style=\"width: 100%; height: 27px; background-color: #020b43; text-align: center; vertical-align: middle;\"><span style=\"font-size: 24pt;\"><strong><span style=\"color: #ffffff;\">Responsable de la Unidad de Transparencia<\/span><\/strong><\/span><\/td>\n<\/tr>\n<tr style=\"height: 23px;\">\n<td style=\"width: 100%; height: 23px;\">\n<p style=\"text-align: center;\"><span style=\"font-size: 18pt;\"><strong>Mtro. Juan Luis Renedo Mart\u00ednez<\/strong><\/span><\/p>\n<\/td>\n<\/tr>\n<\/tbody>\n<\/table>\n<p>\u00a0<\/p>\n<table style=\"border-collapse: collapse; width: 100%; height: 50px;\">\n<tbody>\n<tr style=\"height: 23px;\">\n<td style=\"width: 100%; height: 27px; background-color: #020b43; text-align: center; vertical-align: middle;\"><span style=\"font-size: 24pt;\"><strong><span style=\"color: #ffffff;\">Direcci\u00f3n<\/span><\/strong><\/span><\/td>\n<\/tr>\n<tr style=\"height: 23px;\">\n<td style=\"width: 100%; height: 23px;\">\n<p style=\"text-align: center;\"><span style=\"font-size: 18pt;\"><strong>Av. L\u00f3pez Mateos, n\u00famero 74, Barrio de San Rom\u00e1n. C. P. 24040, San Francisco de Campeche<\/strong><\/span><\/p>\n<\/td>\n<\/tr>\n<\/tbody>\n<\/table>\n<p>\u00a0<\/p>\n<table style=\"border-collapse: collapse; width: 100%; height: 50px;\">\n<tbody>\n<tr style=\"height: 23px;\">\n<td style=\"width: 100%; height: 27px; background-color: #020b43; text-align: center; vertical-align: middle;\"><span style=\"color: #ffffff; font-size: 24pt;\"><b>Tel\u00e9fonos<\/b><\/span><\/td>\n<\/tr>\n<tr style=\"height: 23px;\">\n<td style=\"width: 100%; height: 23px;\">\n<p style=\"text-align: center;\"><span style=\"font-size: 18pt;\"><strong>(981) 8113202, 8113203, 8113204<\/strong><\/span><\/p>\n<p style=\"text-align: center;\"><span style=\"font-size: 18pt;\"><strong>Extensi\u00f3n 101<\/strong><\/span><\/p>\n<\/td>\n<\/tr>\n<\/tbody>\n<\/table>\n<p>\u00a0<\/p>\n<\/div>\n\n\n\n<div class=\"wp-block-column is-layout-flow wp-block-column-is-layout-flow\" style=\"flex-basis:15%\"><\/div>\n<\/div>\n","protected":false},"excerpt":{"rendered":"<p>Fracci\u00f3n XIII Unidad de transparencia \u00a0 Titular Dr. Francisco Javier Ac Ord\u00f3\u00f1ez \u00a0 Responsable de la Unidad de Transparencia Mtro. Juan Luis Renedo Mart\u00ednez \u00a0 Direcci\u00f3n Av. L\u00f3pez Mateos, n\u00famero 74, Barrio de San Rom\u00e1n. C. P. 24040, San Francisco de Campeche \u00a0 Tel\u00e9fonos (981) 8113202, 8113203, 8113204 Extensi\u00f3n 101 \u00a0<\/p>\n","protected":false},"author":1,"featured_media":0,"parent":0,"menu_order":0,"comment_status":"closed","ping_status":"closed","template":"","meta":{"footnotes":""},"yst_prominent_words":[146,977,194,578],"_links":{"self":[{"href":"https:\/\/teec.org.mx\/web\/wp-json\/wp\/v2\/pages\/5701"}],"collection":[{"href":"https:\/\/teec.org.mx\/web\/wp-json\/wp\/v2\/pages"}],"about":[{"href":"https:\/\/teec.org.mx\/web\/wp-json\/wp\/v2\/types\/page"}],"author":[{"embeddable":true,"href":"https:\/\/teec.org.mx\/web\/wp-json\/wp\/v2\/users\/1"}],"replies":[{"embeddable":true,"href":"https:\/\/teec.org.mx\/web\/wp-json\/wp\/v2\/comments?post=5701"}],"version-history":[{"count":30,"href":"https:\/\/teec.org.mx\/web\/wp-json\/wp\/v2\/pages\/5701\/revisions"}],"predecessor-version":[{"id":32657,"href":"https:\/\/teec.org.mx\/web\/wp-json\/wp\/v2\/pages\/5701\/revisions\/32657"}],"wp:attachment":[{"href":"https:\/\/teec.org.mx\/web\/wp-json\/wp\/v2\/media?parent=5701"}],"wp:term":[{"taxonomy":"yst_prominent_words","embeddable":true,"href":"https:\/\/teec.org.mx\/web\/wp-json\/wp\/v2\/yst_prominent_words?post=5701"}],"curies":[{"name":"wp","href":"https:\/\/api.w.org\/{rel}","templated":true}]}}