{"id":5988,"date":"2020-05-21T13:45:38","date_gmt":"2020-05-21T18:45:38","guid":{"rendered":"https:\/\/teec.org.mx\/web\/?page_id=5988"},"modified":"2021-03-17T17:46:21","modified_gmt":"2021-03-17T23:46:21","slug":"datos-personales","status":"publish","type":"page","link":"https:\/\/teec.org.mx\/web\/datos-personales\/","title":{"rendered":"Datos personales"},"content":{"rendered":"\n<div class=\"wp-block-columns is-layout-flex wp-container-core-columns-layout-2 wp-block-columns-is-layout-flex\">\n<div class=\"wp-block-column is-layout-flow wp-block-column-is-layout-flow\" style=\"flex-basis:5%\"><\/div>\n\n\n\n<div class=\"wp-block-column is-layout-flow wp-block-column-is-layout-flow\" style=\"flex-basis:89.2%\">\n<h2 class=\"wp-block-heading\">Protecci\u00f3n de datos personales<\/h2>\n\n\n\n<div class=\"wp-block-columns is-layout-flex wp-container-core-columns-layout-1 wp-block-columns-is-layout-flex\">\n<div class=\"wp-block-column is-layout-flow wp-block-column-is-layout-flow\" style=\"flex-basis:5%\"><\/div>\n\n\n\n<div class=\"wp-block-column is-layout-flow wp-block-column-is-layout-flow\" style=\"flex-basis:95%\">\n<p>&nbsp;<\/p>\n<h4 style=\"text-align: center;\"><strong><span style=\"font-size: 18pt;\">AVISO DE PRIVACIDAD<\/span><\/strong><\/h4>\n<p style=\"text-align: justify;\"><span style=\"font-size: 14pt;\">El Tribunal Electoral del Estado de Campeche (TEEC) es el responsable del tratamiento de los datos personales que nos proporcione.<\/span><\/p>\n<p style=\"text-align: justify;\"><span style=\"font-size: 14pt;\">Sus datos personales ser\u00e1n utilizados para llevar a cabo los objetivos y atribuciones de este Tribunal Electoral y los utilizaremos para las siguientes finalidades: 1) Tramitar y resolver solicitudes de informaci\u00f3n y 2) Tramitar y resolver solicitudes de ejercicio de derechos ARCO. Este tratamiento forma parte de las medidas de seguridad adoptadas al interior de este sujeto obligado.<\/span><\/p>\n<p style=\"text-align: justify;\"><span style=\"font-size: 14pt;\">Sus datos personales no podr\u00e1n ser difundidos sin su consentimiento expreso, salvo las excepciones previstas en la ley de la materia. El Tribunal Electoral del Estado de Campeche requerir\u00e1 al titular de los datos personales su consentimiento expreso, cuando los datos personales sean utilizados para finalidades distintas, de acuerdo con la naturaleza del tratamiento.<\/span><\/p>\n<p style=\"text-align: justify;\"><span style=\"font-size: 14pt;\">El titular de los datos personales puede manifestar su negativa para el tratamiento de sus datos para finalidades y transferencias, llenando el formato correspondiente en las oficinas de la Unidad de Transparencia de este sujeto obligado, con domicilio en: Av. L\u00f3pez Mateos, n\u00famero 74, Barrio de San Rom\u00e1n, C.P. 24040, San Francisco de Campeche, Campeche, M\u00e9xico.<\/span><\/p>\n<p style=\"text-align: justify;\"><span style=\"font-size: 14pt;\">Los datos personales s\u00f3lo ser\u00e1n transferidos a los terceros que por disposici\u00f3n legal se establezca o cuando el titular de los datos personales lo autorice, salvo las excepciones previstas en los art\u00edculos 22, 66 y 70 de la Ley General de Protecci\u00f3n de Datos Personales en Posesi\u00f3n de Sujetos Obligados y el art\u00edculo 101 de la Ley de Protecci\u00f3n de Datos Personales en Posesi\u00f3n de Sujetos Obligados del Estado de Campeche.<\/span><\/p>\n<p style=\"text-align: justify;\"><span style=\"font-size: 14pt;\">Si desea conocer nuestro aviso de privacidad integral, lo podr\u00e1 consultar en nuestro sitio de internet: <a href=\"https:\/\/teec.org.mx\/web\/\">https:\/\/teec.org.mx\/web\/<\/a> en la p\u00e1gina de inicio; a trav\u00e9s de la l\u00ednea telef\u00f3nica con el n\u00famero: (981) 1 32 02 ext. 101, o bien de manera presencial en nuestras instalaciones, en Av. L\u00f3pez Mateos, n\u00famero 74, Barrio de San Rom\u00e1n, C.P. 24040, San Francisco de Campeche, Campeche, M\u00e9xico.<\/span><\/p>\n<p><a href=\"https:\/\/teec.org.mx\/web\/normatividad\/\"><img loading=\"lazy\" decoding=\"async\" class=\"zoom alignnone wp-image-9766 size-full\" src=\"https:\/\/teec.org.mx\/web\/wp-content\/uploads\/2021\/03\/Normatividad.png\" alt=\"\" width=\"278\" height=\"102\"><\/a>&nbsp; &nbsp; &nbsp; &nbsp; &nbsp; <a href=\"https:\/\/www.plataformadetransparencia.org.mx\/web\/guest\/inicio\" target=\"_blank\" rel=\"noopener noreferrer\"><img loading=\"lazy\" decoding=\"async\" class=\"zoom alignnone wp-image-9769 size-full\" src=\"https:\/\/teec.org.mx\/web\/wp-content\/uploads\/2021\/03\/Derechos-ARCO.png\" alt=\"\" width=\"278\" height=\"92\"><\/a>&nbsp; &nbsp; &nbsp; &nbsp; &nbsp; <a href=\"https:\/\/teec.org.mx\/web\/aviso-de-privacidad\/\"><img loading=\"lazy\" decoding=\"async\" class=\"zoom alignnone wp-image-9771 size-full\" src=\"https:\/\/teec.org.mx\/web\/wp-content\/uploads\/2021\/03\/Aviso-Privacidad-Sistema.png\" alt=\"\" width=\"277\" height=\"100\"><\/a><\/p>\n<p>&nbsp;<\/p>\n\n\n\n<p><\/p>\n<\/div>\n\n\n\n<div class=\"wp-block-column is-layout-flow wp-block-column-is-layout-flow\" style=\"flex-basis:5%\"><\/div>\n<\/div>\n\n\n\n<p><\/p>\n<\/div>\n\n\n\n<div class=\"wp-block-column is-layout-flow wp-block-column-is-layout-flow\" style=\"flex-basis:5%\"><\/div>\n<\/div>\n\n\n\n<p><\/p>\n","protected":false},"excerpt":{"rendered":"<p>Protecci\u00f3n de datos personales &nbsp; AVISO DE PRIVACIDAD El Tribunal Electoral del Estado de Campeche (TEEC) es el responsable del tratamiento de los datos personales que nos proporcione. Sus datos personales ser\u00e1n utilizados para llevar a cabo los objetivos y atribuciones de este Tribunal Electoral y los utilizaremos para las siguientes finalidades: 1) Tramitar y [&hellip;]<\/p>\n","protected":false},"author":1,"featured_media":0,"parent":0,"menu_order":0,"comment_status":"closed","ping_status":"closed","template":"","meta":{"footnotes":""},"yst_prominent_words":[621,617,622,611,610,618,604,619],"_links":{"self":[{"href":"https:\/\/teec.org.mx\/web\/wp-json\/wp\/v2\/pages\/5988"}],"collection":[{"href":"https:\/\/teec.org.mx\/web\/wp-json\/wp\/v2\/pages"}],"about":[{"href":"https:\/\/teec.org.mx\/web\/wp-json\/wp\/v2\/types\/page"}],"author":[{"embeddable":true,"href":"https:\/\/teec.org.mx\/web\/wp-json\/wp\/v2\/users\/1"}],"replies":[{"embeddable":true,"href":"https:\/\/teec.org.mx\/web\/wp-json\/wp\/v2\/comments?post=5988"}],"version-history":[{"count":20,"href":"https:\/\/teec.org.mx\/web\/wp-json\/wp\/v2\/pages\/5988\/revisions"}],"predecessor-version":[{"id":9772,"href":"https:\/\/teec.org.mx\/web\/wp-json\/wp\/v2\/pages\/5988\/revisions\/9772"}],"wp:attachment":[{"href":"https:\/\/teec.org.mx\/web\/wp-json\/wp\/v2\/media?parent=5988"}],"wp:term":[{"taxonomy":"yst_prominent_words","embeddable":true,"href":"https:\/\/teec.org.mx\/web\/wp-json\/wp\/v2\/yst_prominent_words?post=5988"}],"curies":[{"name":"wp","href":"https:\/\/api.w.org\/{rel}","templated":true}]}}