{"id":6380,"date":"2020-07-22T23:47:26","date_gmt":"2020-07-23T04:47:26","guid":{"rendered":"https:\/\/teec.org.mx\/web\/?page_id=6380"},"modified":"2026-02-04T13:42:27","modified_gmt":"2026-02-04T19:42:27","slug":"fraccion-xxiv","status":"publish","type":"page","link":"https:\/\/teec.org.mx\/web\/fraccion-xxiv\/","title":{"rendered":"Fracci\u00f3n XXIV"},"content":{"rendered":"\n<div class=\"wp-block-columns is-layout-flex wp-container-core-columns-layout-1 wp-block-columns-is-layout-flex\">\n<div class=\"wp-block-column is-layout-flow wp-block-column-is-layout-flow\" style=\"flex-basis:5%\"><\/div>\n\n\n\n<div class=\"wp-block-column is-layout-flow wp-block-column-is-layout-flow\" style=\"flex-basis:90%\">\n<h4 class=\"wp-block-heading\">Fracci\u00f3n XXIV<\/h4>\n\n\n\n<h3 class=\"wp-block-heading\">Informe de resultados de auditorias<\/h3>\n\n\n\n<div class=\"wp-block-buttons is-layout-flex wp-block-buttons-is-layout-flex\">\n<div class=\"wp-block-button is-style-fill\"><a class=\"wp-block-button__link has-white-color has-text-color has-background wp-element-button\" href=\"https:\/\/teec.org.mx\/web\/wp-content\/uploads\/2026\/02\/Fraccion-XXIV-4to-tri-2025.zip\" style=\"background-color:#020b43\"><strong>Descargar formatos SIPOT_PNT<\/strong><\/a><\/div>\n<\/div>\n<\/div>\n\n\n\n<div class=\"wp-block-column is-layout-flow wp-block-column-is-layout-flow\" style=\"flex-basis:5%\"><\/div>\n<\/div>\n\n\n\n<div class=\"wp-block-columns is-layout-flex wp-container-core-columns-layout-2 wp-block-columns-is-layout-flex\">\n<div class=\"wp-block-column is-layout-flow wp-block-column-is-layout-flow\" style=\"flex-basis:5%\"><\/div>\n\n\n\n<div class=\"wp-block-column is-layout-flow wp-block-column-is-layout-flow\" style=\"flex-basis:90%\">\n<h4>\u00a0<\/h4>\n<h4 style=\"text-align: justify;\"><strong><span style=\"font-size: 18pt;\">Auditoria Superior del Estado<\/span><\/strong><\/h4>\n<ul>\n<li style=\"text-align: justify;\"><span style=\"font-size: 18pt;\"><a href=\"https:\/\/teec.org.mx\/web\/wp-content\/uploads\/2020\/07\/Resultados-de-Auditor\u00edas-Realizadas-Primer-Cuatrimestre-Ejercicio-Fiscal-2015.pdf\" target=\"_blank\" rel=\"noopener noreferrer\">Resultados de Auditor\u00edas Realizadas Primer Cuatrimestre Ejercicio Fiscal 2015<\/a><\/span><\/li>\n<li style=\"text-align: justify;\"><span style=\"font-size: 18pt;\"><a href=\"https:\/\/teec.org.mx\/web\/wp-content\/uploads\/2020\/07\/Resultados-de-Auditor\u00edas-Realizadas-Ejercicio-Fiscal-2015.pdf\" target=\"_blank\" rel=\"noopener noreferrer\">Resultados de Auditor\u00edas Realizadas Ejercicio Fiscal 2015<\/a><\/span><\/li>\n<li style=\"text-align: justify;\"><span style=\"font-size: 18pt;\"><a href=\"https:\/\/teec.org.mx\/web\/wp-content\/uploads\/2020\/07\/Resultados-de-Auditor\u00edas-Realizadas-Ejercicio-Fiscal-2016.pdf\" target=\"_blank\" rel=\"noopener noreferrer\">Resultados de Auditor\u00edas Realizadas Ejercicio Fiscal 2016<\/a><\/span><\/li>\n<li style=\"text-align: justify;\"><span style=\"font-size: 18pt;\"><a href=\"https:\/\/teec.org.mx\/web\/wp-content\/uploads\/2020\/07\/Resultados-de-Auditor\u00edas-Realizadas-Ejercicio-Fiscal-2017.pdf\" target=\"_blank\" rel=\"noopener noreferrer\">Resultados de Auditor\u00edas Realizadas Ejercicio Fiscal 2017<\/a><\/span><\/li>\n<li style=\"text-align: justify;\"><span style=\"font-size: 18pt;\"><a href=\"https:\/\/teec.org.mx\/web\/wp-content\/uploads\/2020\/07\/Resultados-de-Auditor\u00edas-Realizadas-Ejercicio-Fiscal-2018.pdf\" target=\"_blank\" rel=\"noopener noreferrer\">Resultados de Auditor\u00edas Realizadas Ejercicio Fiscal 2018<\/a><\/span><\/li>\n<li style=\"text-align: justify;\"><a href=\"https:\/\/teec.org.mx\/web\/wp-content\/uploads\/2023\/01\/Resultados-de-Auditorias-Realizadas-Ejercicio-Fiscal-2020.pdf\" target=\"_blank\" rel=\"noopener\"><span style=\"font-size: 18pt;\">Resultados de Auditor\u00edas Realizadas Ejercicio Fiscal 2020<\/span><\/a><\/li>\n<li><a href=\"https:\/\/teec.org.mx\/web\/wp-content\/uploads\/2025\/05\/Resultados-de-Auditorias-Realizadas-Ejercicio-Fiscal-2023.pdf\" target=\"_blank\" rel=\"noopener\"><span style=\"font-size: 18pt;\">Resultados de Auditor\u00edas Realizadas Ejercicio Fiscal 2023<\/span><\/a><\/li>\n<\/ul>\n<p>\u00a0<\/p>\n\n\n\n<p><\/p>\n<\/div>\n\n\n\n<div class=\"wp-block-column is-layout-flow wp-block-column-is-layout-flow\" style=\"flex-basis:5%\"><\/div>\n<\/div>\n\n\n\n<p><\/p>\n","protected":false},"excerpt":{"rendered":"<p>Fracci\u00f3n XXIV Informe de resultados de auditorias \u00a0 Auditoria Superior del Estado Resultados de Auditor\u00edas Realizadas Primer Cuatrimestre Ejercicio Fiscal 2015 Resultados de Auditor\u00edas Realizadas Ejercicio Fiscal 2015 Resultados de Auditor\u00edas Realizadas Ejercicio Fiscal 2016 Resultados de Auditor\u00edas Realizadas Ejercicio Fiscal 2017 Resultados de Auditor\u00edas Realizadas Ejercicio Fiscal 2018 Resultados de Auditor\u00edas Realizadas Ejercicio Fiscal [&hellip;]<\/p>\n","protected":false},"author":1,"featured_media":0,"parent":0,"menu_order":0,"comment_status":"closed","ping_status":"closed","template":"","meta":{"footnotes":""},"yst_prominent_words":[448,669,663,660,658,419,664,665,671,667,670,666,661,668,662,659,657],"_links":{"self":[{"href":"https:\/\/teec.org.mx\/web\/wp-json\/wp\/v2\/pages\/6380"}],"collection":[{"href":"https:\/\/teec.org.mx\/web\/wp-json\/wp\/v2\/pages"}],"about":[{"href":"https:\/\/teec.org.mx\/web\/wp-json\/wp\/v2\/types\/page"}],"author":[{"embeddable":true,"href":"https:\/\/teec.org.mx\/web\/wp-json\/wp\/v2\/users\/1"}],"replies":[{"embeddable":true,"href":"https:\/\/teec.org.mx\/web\/wp-json\/wp\/v2\/comments?post=6380"}],"version-history":[{"count":28,"href":"https:\/\/teec.org.mx\/web\/wp-json\/wp\/v2\/pages\/6380\/revisions"}],"predecessor-version":[{"id":32645,"href":"https:\/\/teec.org.mx\/web\/wp-json\/wp\/v2\/pages\/6380\/revisions\/32645"}],"wp:attachment":[{"href":"https:\/\/teec.org.mx\/web\/wp-json\/wp\/v2\/media?parent=6380"}],"wp:term":[{"taxonomy":"yst_prominent_words","embeddable":true,"href":"https:\/\/teec.org.mx\/web\/wp-json\/wp\/v2\/yst_prominent_words?post=6380"}],"curies":[{"name":"wp","href":"https:\/\/api.w.org\/{rel}","templated":true}]}}