{"id":670,"date":"2020-02-11T18:58:23","date_gmt":"2020-02-11T18:58:23","guid":{"rendered":"http:\/\/teec.org.mx\/web\/?page_id=670"},"modified":"2021-01-28T15:13:10","modified_gmt":"2021-01-28T21:13:10","slug":"pes-2019","status":"publish","type":"page","link":"https:\/\/teec.org.mx\/web\/pes-2019\/","title":{"rendered":"PES 2019"},"content":{"rendered":"\n<h3 class=\"has-text-align-center wp-block-heading\">Procedimiento Especial Sancionador 2019<\/h3>\n\n\n\n<p>&nbsp;<\/p>\n<p style=\"text-align: center;\"><div class=\"supsystic-table-loader la-ball-beat la-2x\" style=\"color:#000000\"><div><\/div><div><\/div><div><\/div><\/div><div id=\"supsystic-table-15_51419\" class=\"supsystic-tables-wrap pagination-large\" style=\" width:100%; visibility: hidden; \" data-table-width-fixed=\"100%\" data-table-width-mobile=\"100%\" ><div class=\"supsystic-tables-features\"><\/div><table id=\"supsystic-table-15\" class=\"supsystic-table border cell-border\" data-id=\"15\" data-view-id=\"15_51419\" data-title=\"PES 2019\" data-currency-format=\"$1,000.00\" data-percent-format=\"10.00%\" data-date-format=\"DD.MM.YYYY\" data-time-format=\"HH:mm\" data-features=\"[&quot;info&quot;,&quot;paging&quot;,&quot;searching&quot;,&quot;after_table_loaded_script&quot;,&quot;import&quot;]\" data-search-value=\"\" data-head=\"on\" data-head-rows-count=\"1\" data-pagination-length=\"10,25,50,100,All\" data-auto-index=\"off\" data-searching-settings=\"{&quot;columnSearchPosition&quot;:&quot;bottom&quot;,&quot;minChars&quot;:&quot;0&quot;}\" data-lang=\"Spanish\" data-override=\"{&quot;emptyTable&quot;:&quot;&quot;,&quot;info&quot;:&quot;&quot;,&quot;infoEmpty&quot;:&quot;&quot;,&quot;infoFiltered&quot;:&quot;&quot;,&quot;lengthMenu&quot;:&quot;&quot;,&quot;search&quot;:&quot;&quot;,&quot;zeroRecords&quot;:&quot;&quot;,&quot;exportLabel&quot;:&quot;&quot;,&quot;file&quot;:&quot;Spanish&quot;}\" data-merged=\"[]\" data-responsive-mode=\"0\" data-from-history=\"0\" ><thead><tr><th data-cell-id=\"A1\" data-x=\"0\" data-y=\"1\" data-db-index=\"1\" class=\"bg-d49820 color-fcf9fc fsize-17 bold\" data-cell-type=\"text\" data-original-value=\"Fecha y hora de notificaci\u00f3n\" data-order=\"Fecha y hora de notificaci\u00f3n\" style=\"min-width:23.4995%; \" >Fecha y hora de notificaci\u00f3n <\/th><th data-cell-id=\"B1\" data-x=\"1\" data-y=\"1\" data-db-index=\"1\" class=\"color-fcf9fc fsize-17 bg-d49820 bold\" data-cell-type=\"text\" data-original-value=\"Promovente\" data-order=\"Promovente\" style=\"min-width:29.5015%; \" >Promovente <\/th><th data-cell-id=\"C1\" data-x=\"2\" data-y=\"1\" data-db-index=\"1\" class=\"color-ffffff bold fsize-17 bg-d49820\" data-cell-type=\"text\" data-original-value=\"Persona denunciada\" data-order=\"Persona denunciada\" style=\"min-width:23.4995%; \" >Persona denunciada <\/th><th data-cell-id=\"D1\" data-x=\"3\" data-y=\"1\" data-db-index=\"1\" class=\"bg-d49820 color-ffffff bold fsize-17\" data-cell-type=\"text\" data-original-value=\"Archivo\" data-order=\"Archivo\" style=\"min-width:23.4995%; \" >Archivo <\/th><\/tr><\/thead><tbody><tr style=\"height:px\" ><td data-cell-id=\"A2\" data-x=\"0\" data-y=\"2\" data-db-index=\"2\" class=\"\" data-cell-type=\"text\" data-original-value=\"18 de febrero de 2018, a las 14:30 horas\" data-order=\"18 de febrero de 2018, a las 14:30 horas\" >18 de febrero de 2018, a las 14:30 horas <\/td><td data-cell-id=\"B2\" data-x=\"1\" data-y=\"2\" data-db-index=\"2\" class=\"\" data-cell-type=\"text\" data-original-value=\"Ciudadana Alma Delia Dorantes Jim\u00e9nez, en su Car\u00e1cter de Ciudadana\" data-order=\"Ciudadana Alma Delia Dorantes Jim\u00e9nez, en su Car\u00e1cter de Ciudadana\" >Ciudadana Alma Delia Dorantes Jim\u00e9nez, en su Car\u00e1cter de Ciudadana <\/td><td data-cell-id=\"C2\" data-x=\"2\" data-y=\"2\" data-db-index=\"2\" class=\"\" data-cell-type=\"text\" data-original-value=\"Ciudadano Pablo Guti\u00e9rrez Lazarus, en su Calidad de Presidente Municipal y Candidato por la Via de Reelecci\u00f3n a la Alcald\u00eda del Municipio de Carmen, Campeche, por la Coalici\u00f3n \u201cPor Campeche al Frente\u201d; Partido Acci\u00f3n Nacional y Partido Movimiento Ciudadano\" data-order=\"Ciudadano Pablo Guti\u00e9rrez Lazarus, en su Calidad de Presidente Municipal y Candidato por la Via de Reelecci\u00f3n a la Alcald\u00eda del Municipio de Carmen, Campeche, por la Coalici\u00f3n \u201cPor Campeche al Frente\u201d; Partido Acci\u00f3n Nacional y Partido Movimiento Ciudadano\" >Ciudadano Pablo Guti\u00e9rrez Lazarus, en su Calidad de Presidente Municipal y Candidato por la Via de Reelecci\u00f3n a la Alcald\u00eda del Municipio de Carmen, Campeche, por la Coalici\u00f3n \u201cPor Campeche al Frente\u201d; Partido Acci\u00f3n Nacional y Partido Movimiento Ciudadano <\/td><td data-cell-id=\"D2\" data-x=\"3\" data-y=\"2\" data-db-index=\"2\" class=\"\" data-cell-type=\"text\" data-original-value=\"&lt;a href=&quot;http:\/\/teec.org.mx\/web\/wp-content\/uploads\/2020\/02\/TEEC-PES-22-2018-18-02-2019.pdf&quot; target=&quot;_blank&quot;&gt;TEEC\/PES\/22\/2018&lt;\/a&gt;\" data-order=\"&lt;a href=&quot;http:\/\/teec.org.mx\/web\/wp-content\/uploads\/2020\/02\/TEEC-PES-22-2018-18-02-2019.pdf&quot; target=&quot;_blank&quot;&gt;TEEC\/PES\/22\/2018&lt;\/a&gt;\" ><a href=\"http:\/\/teec.org.mx\/web\/wp-content\/uploads\/2020\/02\/TEEC-PES-22-2018-18-02-2019.pdf\" target=\"_blank\">TEEC\/PES\/22\/2018<\/a><\/td><\/tr><\/tbody><\/table><!-- \/#supsystic-table-15.supsystic-table --><div class=\"stbConditionsData\" ><\/div><\/div><!-- \/.supsystic-tables-wrap --><!-- Tables Generator by Supsystic --><!-- Version:1.10.47 --><!-- http:\/\/supsystic.com\/ --><a title=\"WordPress Responsive Table\" style=\"display:none;\" href=\"https:\/\/supsystic.com\/plugins\/wordpress-data-table-plugin\/?utm_medium=love_link\" target=\"_blank\">WordPress Responsive Table<\/a><\/p>\n<p>&nbsp;<\/p>\n","protected":false},"excerpt":{"rendered":"<p>Procedimiento Especial Sancionador 2019 &nbsp; &nbsp;<\/p>\n","protected":false},"author":1,"featured_media":0,"parent":0,"menu_order":0,"comment_status":"closed","ping_status":"closed","template":"","meta":{"footnotes":""},"yst_prominent_words":[],"_links":{"self":[{"href":"https:\/\/teec.org.mx\/web\/wp-json\/wp\/v2\/pages\/670"}],"collection":[{"href":"https:\/\/teec.org.mx\/web\/wp-json\/wp\/v2\/pages"}],"about":[{"href":"https:\/\/teec.org.mx\/web\/wp-json\/wp\/v2\/types\/page"}],"author":[{"embeddable":true,"href":"https:\/\/teec.org.mx\/web\/wp-json\/wp\/v2\/users\/1"}],"replies":[{"embeddable":true,"href":"https:\/\/teec.org.mx\/web\/wp-json\/wp\/v2\/comments?post=670"}],"version-history":[{"count":5,"href":"https:\/\/teec.org.mx\/web\/wp-json\/wp\/v2\/pages\/670\/revisions"}],"predecessor-version":[{"id":9063,"href":"https:\/\/teec.org.mx\/web\/wp-json\/wp\/v2\/pages\/670\/revisions\/9063"}],"wp:attachment":[{"href":"https:\/\/teec.org.mx\/web\/wp-json\/wp\/v2\/media?parent=670"}],"wp:term":[{"taxonomy":"yst_prominent_words","embeddable":true,"href":"https:\/\/teec.org.mx\/web\/wp-json\/wp\/v2\/yst_prominent_words?post=670"}],"curies":[{"name":"wp","href":"https:\/\/api.w.org\/{rel}","templated":true}]}}