{"id":6819,"date":"2020-08-07T21:35:39","date_gmt":"2020-08-08T02:35:39","guid":{"rendered":"https:\/\/teec.org.mx\/web\/?page_id=6819"},"modified":"2026-02-04T13:23:21","modified_gmt":"2026-02-04T19:23:21","slug":"fraccion-xxxix","status":"publish","type":"page","link":"https:\/\/teec.org.mx\/web\/fraccion-xxxix\/","title":{"rendered":"Fracci\u00f3n XXXIX"},"content":{"rendered":"\n<div class=\"wp-block-columns is-layout-flex wp-container-core-columns-layout-1 wp-block-columns-is-layout-flex\">\n<div class=\"wp-block-column is-layout-flow wp-block-column-is-layout-flow\" style=\"flex-basis:5%\"><\/div>\n\n\n\n<div class=\"wp-block-column is-layout-flow wp-block-column-is-layout-flow\" style=\"flex-basis:90%\">\n<h2 class=\"wp-block-heading\">Fracci\u00f3n XXXIX<\/h2>\n\n\n\n<h3 class=\"wp-block-heading\">Actas y resoluciones del Comit\u00e9 de Transparencia<\/h3>\n\n\n\n<div class=\"wp-block-buttons is-layout-flex wp-block-buttons-is-layout-flex\">\n<div class=\"wp-block-button is-style-fill\"><a class=\"wp-block-button__link has-white-color has-text-color has-background wp-element-button\" href=\"https:\/\/teec.org.mx\/web\/wp-content\/uploads\/2026\/02\/Fraccion-XXXIX-4to-tri-2025.zip\" style=\"background-color:#020b43\">Descargar formatos SIPOT_PNT<\/a><\/div>\n<\/div>\n<\/div>\n\n\n\n<div class=\"wp-block-column is-layout-flow wp-block-column-is-layout-flow\" style=\"flex-basis:5%\"><\/div>\n<\/div>\n\n\n\n<div class=\"wp-block-columns is-layout-flex wp-container-core-columns-layout-2 wp-block-columns-is-layout-flex\">\n<div class=\"wp-block-column is-layout-flow wp-block-column-is-layout-flow\" style=\"flex-basis:15%\"><\/div>\n\n\n\n<div class=\"wp-block-column is-layout-flow wp-block-column-is-layout-flow\" style=\"flex-basis:70%\">\n<p>&nbsp;<\/p>\n<ol style=\"list-style-type: lower-alpha;\">\n<li style=\"text-align: justify;\"><span style=\"font-size: 18pt;\">Informe de sesiones del Comit\u00e9 de Transparencia<\/span><\/li>\n<li style=\"text-align: justify;\"><span style=\"font-size: 18pt;\">Informe de resoluciones del Comit\u00e9 de Transparencia<\/span><\/li>\n<li style=\"text-align: justify;\"><span style=\"font-size: 18pt;\">Integrantes del Comit\u00e9 de Transparencia<\/span><\/li>\n<li style=\"text-align: justify;\"><span style=\"font-size: 18pt;\">Calendario de sesiones ordinarias del Comit\u00e9 de Transparencia<\/span><\/li>\n<\/ol>\n<p>&nbsp;<\/p>\n<\/div>\n\n\n\n<div class=\"wp-block-column is-layout-flow wp-block-column-is-layout-flow\" style=\"flex-basis:15%\"><\/div>\n<\/div>\n","protected":false},"excerpt":{"rendered":"<p>Fracci\u00f3n XXXIX Actas y resoluciones del Comit\u00e9 de Transparencia &nbsp; Informe de sesiones del Comit\u00e9 de Transparencia Informe de resoluciones del Comit\u00e9 de Transparencia Integrantes del Comit\u00e9 de Transparencia Calendario de sesiones ordinarias del Comit\u00e9 de Transparencia &nbsp;<\/p>\n","protected":false},"author":1,"featured_media":0,"parent":0,"menu_order":0,"comment_status":"closed","ping_status":"closed","template":"","meta":{"footnotes":""},"yst_prominent_words":[785,228,280,786,783,784,787,194],"_links":{"self":[{"href":"https:\/\/teec.org.mx\/web\/wp-json\/wp\/v2\/pages\/6819"}],"collection":[{"href":"https:\/\/teec.org.mx\/web\/wp-json\/wp\/v2\/pages"}],"about":[{"href":"https:\/\/teec.org.mx\/web\/wp-json\/wp\/v2\/types\/page"}],"author":[{"embeddable":true,"href":"https:\/\/teec.org.mx\/web\/wp-json\/wp\/v2\/users\/1"}],"replies":[{"embeddable":true,"href":"https:\/\/teec.org.mx\/web\/wp-json\/wp\/v2\/comments?post=6819"}],"version-history":[{"count":24,"href":"https:\/\/teec.org.mx\/web\/wp-json\/wp\/v2\/pages\/6819\/revisions"}],"predecessor-version":[{"id":32634,"href":"https:\/\/teec.org.mx\/web\/wp-json\/wp\/v2\/pages\/6819\/revisions\/32634"}],"wp:attachment":[{"href":"https:\/\/teec.org.mx\/web\/wp-json\/wp\/v2\/media?parent=6819"}],"wp:term":[{"taxonomy":"yst_prominent_words","embeddable":true,"href":"https:\/\/teec.org.mx\/web\/wp-json\/wp\/v2\/yst_prominent_words?post=6819"}],"curies":[{"name":"wp","href":"https:\/\/api.w.org\/{rel}","templated":true}]}}