{"id":6863,"date":"2020-08-11T13:10:32","date_gmt":"2020-08-11T18:10:32","guid":{"rendered":"https:\/\/teec.org.mx\/web\/?page_id=6863"},"modified":"2026-02-04T13:16:23","modified_gmt":"2026-02-04T19:16:23","slug":"fraccion-xlvi","status":"publish","type":"page","link":"https:\/\/teec.org.mx\/web\/fraccion-xlvi\/","title":{"rendered":"Fracci\u00f3n XLVI"},"content":{"rendered":"\n<div class=\"wp-block-columns is-layout-flex wp-container-core-columns-layout-1 wp-block-columns-is-layout-flex\">\n<div class=\"wp-block-column is-layout-flow wp-block-column-is-layout-flow\" style=\"flex-basis:5%\"><\/div>\n\n\n\n<div class=\"wp-block-column is-layout-flow wp-block-column-is-layout-flow\" style=\"flex-basis:90%\">\n<h4 class=\"wp-block-heading\">Fracci\u00f3n XLVI<\/h4>\n\n\n\n<h3 class=\"wp-block-heading\">Actas de sesiones ordinarias y extraordinarias&nbsp;as\u00ed como las opiniones y recomendaciones que emitan, en su caso, los consejos consultivos<\/h3>\n\n\n\n<div class=\"wp-block-buttons is-layout-flex wp-block-buttons-is-layout-flex\">\n<div class=\"wp-block-button is-style-fill\"><a class=\"wp-block-button__link has-white-color has-text-color has-background wp-element-button\" href=\"https:\/\/teec.org.mx\/web\/wp-content\/uploads\/2026\/02\/Fraccion-XLVI-4to-tri-2025.zip\" style=\"background-color:#020b43\">Descargar formatos SIPOT_PNT<\/a><\/div>\n<\/div>\n<\/div>\n\n\n\n<div class=\"wp-block-column is-layout-flow wp-block-column-is-layout-flow\" style=\"flex-basis:5%\"><\/div>\n<\/div>\n\n\n\n<div class=\"wp-block-columns is-layout-flex wp-container-core-columns-layout-2 wp-block-columns-is-layout-flex\">\n<div class=\"wp-block-column is-layout-flow wp-block-column-is-layout-flow\" style=\"flex-basis:10%\"><\/div>\n\n\n\n<div class=\"wp-block-column is-layout-flow wp-block-column-is-layout-flow\" style=\"flex-basis:70%\">\n<p>\u00a0<\/p>\n<ol style=\"list-style-type: lower-alpha;\">\n<li style=\"text-align: justify;\"><span style=\"font-size: 18pt;\">Actas de sesiones ordinarias y extraordinarias<\/span>\n<ul>\n<li style=\"text-align: justify;\"><span style=\"font-size: 14pt;\"><em><strong>Nota: Durante el per\u00edodo que va del 1 de abril al 30 de junio del a\u00f1o 2020, este sujeto obligado no gener\u00f3 informaci\u00f3n relativa a esta fracci\u00f3n, toda vez que debido a la contingencia sanitaria derivada de la propagaci\u00f3n del virus SARS-CoV2 (COVID-19) a nivel mundial, nacional y estatal, el pleno del Tribunal Electoral del Estado de Campeche aprob\u00f3 la suspensi\u00f3n de todos sus plazos y t\u00e9rminos jurisdiccionales y administrativos, tal y como se acredita con la lectura de las actas identificados con los n\u00fameros 8\/2020, 9\/2020, 10\/2020 y 11\/2020, de fechas 23 de marzo, 20 y 30 de abril, y 20 de mayo todas de la presente anualidad respectivamente, las cuales pueden ser consultadas en los siguientes enlaces: https:\/\/teec.org.mx\/web\/wp-content\/uploads\/2020\/03\/Acta-8-2020-administrativa-23-03-2020-1.pdf, https:\/\/teec.org.mx\/web\/wp-content\/uploads\/2020\/04\/Acta-9-2020-administrativa-20-04-2020.pdf, https:\/\/teec.org.mx\/web\/wp-content\/uploads\/2020\/04\/Acta-10-2020-administrativa-30-04-2020.pdf y https:\/\/teec.org.mx\/web\/wp-content\/uploads\/2020\/07\/Acta-11-2020-Administrativa-20-05-2020.pdf<\/strong><\/em><\/span><\/li>\n<\/ul>\n<\/li>\n<li style=\"text-align: justify;\"><span style=\"font-size: 18pt;\">Opiniones y recomendaciones del Consejo Consultivos<\/span>\n<ul>\n<li style=\"text-align: justify;\"><span style=\"font-size: 14pt;\"><em><strong>Nota: Durante el per\u00edodo que va del 1 de abril al 30 de junio del a\u00f1o 2020, este sujeto obligado no gener\u00f3 informaci\u00f3n relativa a esta fracci\u00f3n, toda vez que debido a la contingencia sanitaria derivada de la propagaci\u00f3n del virus SARS-CoV2 (COVID-19) a nivel mundial, nacional y estatal, el pleno del Tribunal Electoral del Estado de Campeche aprob\u00f3 la suspensi\u00f3n de todos sus plazos y t\u00e9rminos jurisdiccionales y administrativos, tal y como se acredita con la lectura de las actas identificados con los n\u00fameros 8\/2020, 9\/2020, 10\/2020 y 11\/2020, de fechas 23 de marzo, 20 y 30 de abril, y 20 de mayo todas de la presente anualidad respectivamente, las cuales pueden ser consultadas en los siguientes enlaces: https:\/\/teec.org.mx\/web\/wp-content\/uploads\/2020\/03\/Acta-8-2020-administrativa-23-03-2020-1.pdf, https:\/\/teec.org.mx\/web\/wp-content\/uploads\/2020\/04\/Acta-9-2020-administrativa-20-04-2020.pdf, https:\/\/teec.org.mx\/web\/wp-content\/uploads\/2020\/04\/Acta-10-2020-administrativa-30-04-2020.pdf y https:\/\/teec.org.mx\/web\/wp-content\/uploads\/2020\/07\/Acta-11-2020-Administrativa-20-05-2020.pdf<\/strong><\/em><\/span><\/li>\n<\/ul>\n<\/li>\n<\/ol>\n<p>\u00a0<\/p>\n<\/div>\n\n\n\n<div class=\"wp-block-column is-layout-flow wp-block-column-is-layout-flow\" style=\"flex-basis:10%\"><\/div>\n<\/div>\n","protected":false},"excerpt":{"rendered":"<p>Fracci\u00f3n XLVI Actas de sesiones ordinarias y extraordinarias&nbsp;as\u00ed como las opiniones y recomendaciones que emitan, en su caso, los consejos consultivos \u00a0 Actas de sesiones ordinarias y extraordinarias Nota: Durante el per\u00edodo que va del 1 de abril al 30 de junio del a\u00f1o 2020, este sujeto obligado no gener\u00f3 informaci\u00f3n relativa a esta fracci\u00f3n, [&hellip;]<\/p>\n","protected":false},"author":1,"featured_media":0,"parent":0,"menu_order":0,"comment_status":"closed","ping_status":"closed","template":"","meta":{"footnotes":""},"yst_prominent_words":[831,827,832,825,836,828,833,837,835,826,830,829,822,834,824,823],"_links":{"self":[{"href":"https:\/\/teec.org.mx\/web\/wp-json\/wp\/v2\/pages\/6863"}],"collection":[{"href":"https:\/\/teec.org.mx\/web\/wp-json\/wp\/v2\/pages"}],"about":[{"href":"https:\/\/teec.org.mx\/web\/wp-json\/wp\/v2\/types\/page"}],"author":[{"embeddable":true,"href":"https:\/\/teec.org.mx\/web\/wp-json\/wp\/v2\/users\/1"}],"replies":[{"embeddable":true,"href":"https:\/\/teec.org.mx\/web\/wp-json\/wp\/v2\/comments?post=6863"}],"version-history":[{"count":26,"href":"https:\/\/teec.org.mx\/web\/wp-json\/wp\/v2\/pages\/6863\/revisions"}],"predecessor-version":[{"id":32629,"href":"https:\/\/teec.org.mx\/web\/wp-json\/wp\/v2\/pages\/6863\/revisions\/32629"}],"wp:attachment":[{"href":"https:\/\/teec.org.mx\/web\/wp-json\/wp\/v2\/media?parent=6863"}],"wp:term":[{"taxonomy":"yst_prominent_words","embeddable":true,"href":"https:\/\/teec.org.mx\/web\/wp-json\/wp\/v2\/yst_prominent_words?post=6863"}],"curies":[{"name":"wp","href":"https:\/\/api.w.org\/{rel}","templated":true}]}}