{"id":7521,"date":"2020-10-28T18:10:54","date_gmt":"2020-10-29T00:10:54","guid":{"rendered":"https:\/\/teec.org.mx\/web\/?page_id=7521"},"modified":"2021-01-22T17:38:06","modified_gmt":"2021-01-22T23:38:06","slug":"tercer-trimestre-2020-lgcg","status":"publish","type":"page","link":"https:\/\/teec.org.mx\/web\/tercer-trimestre-2020-lgcg\/","title":{"rendered":"Tercer trimestre 2020 lgcg"},"content":{"rendered":"\n<h3 class=\"has-text-align-center wp-block-heading\">Tercer trimestre 2020<\/h3>\n\n\n\n<div class=\"wp-block-columns is-layout-flex wp-container-core-columns-layout-1 wp-block-columns-is-layout-flex\">\n<div class=\"wp-block-column is-layout-flow wp-block-column-is-layout-flow\" style=\"flex-basis:10%\"><\/div>\n\n\n\n<div class=\"wp-block-column is-layout-flow wp-block-column-is-layout-flow\" style=\"flex-basis:90%\">\n<p>&nbsp;<\/p>\n<p><span style=\"font-size: 14pt;\"><strong>Informaci\u00f3n Contable<\/strong><\/span><\/p>\n<ol>\n<li><a href=\"https:\/\/teec.org.mx\/web\/wp-content\/uploads\/2020\/10\/1.-ESF-3er-tri-2020.pdf\" target=\"_blank\" rel=\"noopener noreferrer\"><span style=\"font-size: 14pt;\">Estado de situaci\u00f3n financiera<\/span><\/a><\/li>\n<li><a href=\"https:\/\/teec.org.mx\/web\/wp-content\/uploads\/2020\/10\/2.-EA-3er-tri-2020.pdf\" target=\"_blank\" rel=\"noopener noreferrer\"><span style=\"font-size: 14pt;\">Estado de actividades<\/span><\/a><\/li>\n<li><a href=\"https:\/\/teec.org.mx\/web\/wp-content\/uploads\/2020\/10\/3.-EFE-3er-tri-2020.pdf\" target=\"_blank\" rel=\"noopener noreferrer\"><span style=\"font-size: 14pt;\">Estado de flujos de efectivo<\/span><\/a><\/li>\n<li><a href=\"https:\/\/teec.org.mx\/web\/wp-content\/uploads\/2020\/10\/4.-EVHP-3er-tri-2020.pdf\" target=\"_blank\" rel=\"noopener noreferrer\"><span style=\"font-size: 14pt;\">Estado de variaci\u00f3n en la hacienda p\u00fablica<\/span><\/a><\/li>\n<li><a href=\"https:\/\/teec.org.mx\/web\/wp-content\/uploads\/2020\/10\/5.-ECSF-3er-tri-2020.pdf\" target=\"_blank\" rel=\"noopener noreferrer\"><span style=\"font-size: 14pt;\">Estado de cambios en la situaci\u00f3n financiera<\/span><\/a><\/li>\n<li><a href=\"https:\/\/teec.org.mx\/web\/wp-content\/uploads\/2020\/10\/6.-IPC-3er-tri-2020.pdf\" target=\"_blank\" rel=\"noopener noreferrer\"><span style=\"font-size: 14pt;\">Informe de pasivos contingentes<\/span><\/a><\/li>\n<li><a href=\"https:\/\/teec.org.mx\/web\/wp-content\/uploads\/2020\/10\/7.-NEF-3er-tri-2020.pdf\" target=\"_blank\" rel=\"noopener noreferrer\"><span style=\"font-size: 14pt;\">Notas a los estados financieros<\/span><\/a><\/li>\n<li><a href=\"https:\/\/teec.org.mx\/web\/wp-content\/uploads\/2020\/10\/8.-EAA-3er-tri-2020.pdf\" target=\"_blank\" rel=\"noopener noreferrer\"><span style=\"font-size: 14pt;\">Estado anal\u00edtico del activo<\/span><\/a><\/li>\n<li><a href=\"https:\/\/teec.org.mx\/web\/wp-content\/uploads\/2020\/10\/9.-EADOP-3er-tri-2020.pdf\" target=\"_blank\" rel=\"noopener noreferrer\"><span style=\"font-size: 14pt;\">Estado anal\u00edtico de la deuda y otros pasivos<\/span><\/a><\/li>\n<\/ol>\n<p><span style=\"font-size: 14pt;\"><strong>Informaci\u00f3n Presupuestaria<\/strong><\/span><\/p>\n<ol>\n<li><a href=\"https:\/\/teec.org.mx\/web\/wp-content\/uploads\/2020\/10\/1.-EAI-3er-tri-2020.pdf\" target=\"_blank\" rel=\"noopener noreferrer\"><span style=\"font-size: 14pt;\">Estado anal\u00edtico de ingresos<\/span><\/a><\/li>\n<li><span style=\"font-size: 14pt;\">Estado anal\u00edtico del ejercicio del presupuesto de egresos<\/span>\n<ul>\n<li><a href=\"https:\/\/teec.org.mx\/web\/wp-content\/uploads\/2020\/10\/2a.-EAEPE-CA-3er-tri-2020.pdf\" target=\"_blank\" rel=\"noopener noreferrer\"><span style=\"font-size: 14pt;\">Clasificaci\u00f3n administrativa<\/span><\/a><\/li>\n<li><a href=\"https:\/\/teec.org.mx\/web\/wp-content\/uploads\/2020\/10\/2b.-EAEPE-CE-3er-tri-2020.pdf\" target=\"_blank\" rel=\"noopener noreferrer\"><span style=\"font-size: 14pt;\">Clasificaci\u00f3n econ\u00f3mica<\/span><\/a><\/li>\n<li><a href=\"https:\/\/teec.org.mx\/web\/wp-content\/uploads\/2020\/10\/2c.-EAEPE-CF-3er-tri-2020.pdf\" target=\"_blank\" rel=\"noopener noreferrer\"><span style=\"font-size: 14pt;\">Clasificaci\u00f3n funcional<\/span><\/a><\/li>\n<li><a href=\"https:\/\/teec.org.mx\/web\/wp-content\/uploads\/2020\/10\/2d.-EAEPE-COG-3er-tri-2020.pdf\" target=\"_blank\" rel=\"noopener noreferrer\"><span style=\"font-size: 14pt;\">Clasificaci\u00f3n por objeto del gasto<\/span><\/a><\/li>\n<\/ul>\n<\/li>\n<li><a href=\"https:\/\/teec.org.mx\/web\/wp-content\/uploads\/2020\/10\/3.-EN-3er-tri-2020.pdf\" target=\"_blank\" rel=\"noopener noreferrer\"><span style=\"font-size: 14pt;\">Endeudamiento neto<\/span><\/a><\/li>\n<li><a href=\"https:\/\/teec.org.mx\/web\/wp-content\/uploads\/2020\/10\/4.-ID-3er-tri-2020.pdf\" target=\"_blank\" rel=\"noopener noreferrer\"><span style=\"font-size: 14pt;\">Intereses de la deuda<\/span><\/a><\/li>\n<li><a href=\"https:\/\/teec.org.mx\/web\/wp-content\/uploads\/2020\/10\/5.-IPF-3er-tri-2020.pdf\" target=\"_blank\" rel=\"noopener noreferrer\"><span style=\"font-size: 14pt;\">Indicadores de postura fiscal<\/span><\/a><\/li>\n<\/ol>\n<p><span style=\"font-size: 14pt;\"><strong>Informaci\u00f3n Program\u00e1tica&nbsp;<\/strong><\/span><\/p>\n<ol>\n<li><a href=\"https:\/\/teec.org.mx\/web\/wp-content\/uploads\/2020\/10\/1.-GCP-3er-tri-2020.pdf\" target=\"_blank\" rel=\"noopener noreferrer\"><span style=\"font-size: 14pt;\">Gasto por categor\u00eda program\u00e1tica<\/span><\/a><\/li>\n<li><a href=\"https:\/\/teec.org.mx\/web\/wp-content\/uploads\/2020\/10\/2.-PPI-3er-tri-2020.pdf\" target=\"_blank\" rel=\"noopener noreferrer\"><span style=\"font-size: 14pt;\">Programa y proyectos de inversi\u00f3n<\/span><\/a><\/li>\n<li><span style=\"font-size: 14pt;\">Indicadores para resultados<\/span>\n<ul>\n<li><a href=\"https:\/\/teec.org.mx\/web\/wp-content\/uploads\/2020\/10\/3a.-PGP-3er-tri-2020.pdf\" target=\"_blank\" rel=\"noopener noreferrer\"><span style=\"font-size: 14pt;\">Proporci\u00f3n gasto programable<\/span><\/a><\/li>\n<li><a href=\"https:\/\/teec.org.mx\/web\/wp-content\/uploads\/2020\/10\/3b.-PGOC-3er-tri-2020.pdf\" target=\"_blank\" rel=\"noopener noreferrer\"><span style=\"font-size: 14pt;\">Proporci\u00f3n gasto de operaci\u00f3n<\/span><\/a><\/li>\n<li><a href=\"https:\/\/teec.org.mx\/web\/wp-content\/uploads\/2020\/10\/3c.-PGIC-3er-tri-2020.pdf\" target=\"_blank\" rel=\"noopener noreferrer\"><span style=\"font-size: 14pt;\">Proporci\u00f3n gasto de inversi\u00f3n y\/o capital<\/span><\/a><\/li>\n<li><a href=\"https:\/\/teec.org.mx\/web\/wp-content\/uploads\/2020\/10\/3d.-SPGO-3er-tri-2020.pdf\" target=\"_blank\" rel=\"noopener noreferrer\"><span style=\"font-size: 14pt;\">Servicios personales en el gasto de operaci\u00f3n<\/span><\/a><\/li>\n<li><a href=\"https:\/\/teec.org.mx\/web\/wp-content\/uploads\/2020\/10\/3e.-PSP-3er-tri-2020.pdf\" target=\"_blank\" rel=\"noopener noreferrer\"><span style=\"font-size: 14pt;\">Proporci\u00f3n de los servicios personales<\/span><\/a><\/li>\n<\/ul>\n<\/li>\n<\/ol>\n<p><span style=\"font-size: 14pt;\"><strong>Anexos<\/strong><\/span><\/p>\n<ol>\n<li><a href=\"https:\/\/teec.org.mx\/web\/wp-content\/uploads\/2020\/10\/LIBMI-3er-tri-2020.pdf\" target=\"_blank\" rel=\"noopener noreferrer\"><span style=\"font-size: 14pt;\">Libro de inventario de bienes muebles e inmuebles<\/span><\/a><\/li>\n<\/ol>\n<p>&nbsp;<\/p>\n<\/div>\n<\/div>\n\n\n\n<p><\/p>\n","protected":false},"excerpt":{"rendered":"<p>Tercer trimestre 2020 &nbsp; Informaci\u00f3n Contable Estado de situaci\u00f3n financiera Estado de actividades Estado de flujos de efectivo Estado de variaci\u00f3n en la hacienda p\u00fablica Estado de cambios en la situaci\u00f3n financiera Informe de pasivos contingentes Notas a los estados financieros Estado anal\u00edtico del activo Estado anal\u00edtico de la deuda y otros pasivos Informaci\u00f3n Presupuestaria [&hellip;]<\/p>\n","protected":false},"author":1,"featured_media":0,"parent":0,"menu_order":0,"comment_status":"closed","ping_status":"closed","template":"","meta":{"footnotes":""},"yst_prominent_words":[268,269,273,198,267,264,274,178,276,277,272,278,275,270,263,203,266,271,265],"_links":{"self":[{"href":"https:\/\/teec.org.mx\/web\/wp-json\/wp\/v2\/pages\/7521"}],"collection":[{"href":"https:\/\/teec.org.mx\/web\/wp-json\/wp\/v2\/pages"}],"about":[{"href":"https:\/\/teec.org.mx\/web\/wp-json\/wp\/v2\/types\/page"}],"author":[{"embeddable":true,"href":"https:\/\/teec.org.mx\/web\/wp-json\/wp\/v2\/users\/1"}],"replies":[{"embeddable":true,"href":"https:\/\/teec.org.mx\/web\/wp-json\/wp\/v2\/comments?post=7521"}],"version-history":[{"count":5,"href":"https:\/\/teec.org.mx\/web\/wp-json\/wp\/v2\/pages\/7521\/revisions"}],"predecessor-version":[{"id":7566,"href":"https:\/\/teec.org.mx\/web\/wp-json\/wp\/v2\/pages\/7521\/revisions\/7566"}],"wp:attachment":[{"href":"https:\/\/teec.org.mx\/web\/wp-json\/wp\/v2\/media?parent=7521"}],"wp:term":[{"taxonomy":"yst_prominent_words","embeddable":true,"href":"https:\/\/teec.org.mx\/web\/wp-json\/wp\/v2\/yst_prominent_words?post=7521"}],"curies":[{"name":"wp","href":"https:\/\/api.w.org\/{rel}","templated":true}]}}