{"id":7868,"date":"2020-12-01T17:25:48","date_gmt":"2020-12-01T23:25:48","guid":{"rendered":"https:\/\/teec.org.mx\/web\/?page_id=7868"},"modified":"2026-03-06T14:14:18","modified_gmt":"2026-03-06T20:14:18","slug":"convenios-suscritos-2020","status":"publish","type":"page","link":"https:\/\/teec.org.mx\/web\/convenios-suscritos-2020\/","title":{"rendered":"Convenios suscritos 2020"},"content":{"rendered":"\n<div class=\"wp-block-columns is-layout-flex wp-container-core-columns-layout-1 wp-block-columns-is-layout-flex\">\n<div class=\"wp-block-column is-layout-flow wp-block-column-is-layout-flow\" style=\"flex-basis:5%\"><\/div>\n\n\n\n<div class=\"wp-block-column is-layout-flow wp-block-column-is-layout-flow\" style=\"flex-basis:90%\">\n<p>\u00a0<\/p>\n<h2 style=\"text-align: center;\"><strong><span style=\"font-size: 18pt;\">2026<\/span><\/strong><\/h2>\n<ul>\n<li><a href=\"https:\/\/teec.org.mx\/web\/wp-content\/uploads\/2026\/03\/Convenio-TEEC-Cultura-02-03-2025.pdf\" target=\"_blank\" rel=\"noopener\"><span style=\"font-size: 18pt;\">Convenio de colaboraci\u00f3n TEEC-Cultura<\/span><\/a><\/li>\n<li><a href=\"https:\/\/teec.org.mx\/web\/wp-content\/uploads\/2026\/02\/Convenio-TEEC-ITC-06-02-2026.pdf\" target=\"_blank\" rel=\"noopener\"><span style=\"font-size: 18pt;\">Convenio de colaboraci\u00f3n TEEC-ITC<\/span><\/a><\/li>\n<\/ul>\n<p>\u00a0<\/p>\n<h2 style=\"text-align: center;\"><strong><span style=\"font-size: 18pt;\">2025<\/span><\/strong><\/h2>\n<ul>\n<li><a href=\"https:\/\/teec.org.mx\/web\/wp-content\/uploads\/2026\/02\/Convenio-TEEC-SEINCAM-25-11-2025.pdf\" target=\"_blank\" rel=\"noopener\"><span style=\"font-size: 18pt;\">Convenio de colaboraci\u00f3n TEEC-SEINCAM<\/span><\/a><\/li>\n<li><a href=\"https:\/\/teec.org.mx\/web\/wp-content\/uploads\/2026\/02\/Convenio-TEEC-UVA-24-11-2025.pdf\" target=\"_blank\" rel=\"noopener\"><span style=\"font-size: 18pt;\">Convenio de colaboraci\u00f3n TEEC-UVA\u00a0<\/span><\/a><\/li>\n<li><a href=\"https:\/\/teec.org.mx\/web\/wp-content\/uploads\/2026\/02\/Convenio-TEEC-UTECAM-28-10-2025.pdf\" target=\"_blank\" rel=\"noopener\"><span style=\"font-size: 18pt;\">Convenio de colaboraci\u00f3n TEEC-UTECAM<\/span><\/a><\/li>\n<li><a href=\"https:\/\/teec.org.mx\/web\/wp-content\/uploads\/2026\/02\/Convenvio-TEEC-UIC-19-09-2025.pdf\" target=\"_blank\" rel=\"noopener\"><span style=\"font-size: 18pt;\">Convenio de colaboraci\u00f3n TEEC-UICAM<\/span><\/a><\/li>\n<li><a href=\"https:\/\/teec.org.mx\/web\/wp-content\/uploads\/2025\/09\/Convenio-TEEC-CUME-02-09-2025.pdf\" target=\"_blank\" rel=\"noopener\"><span style=\"font-size: 18pt;\">Convenio de colaboraci\u00f3n TEEC-CUME<\/span><\/a><\/li>\n<li><a href=\"https:\/\/teec.org.mx\/web\/wp-content\/uploads\/2025\/06\/Convenio-TEEC-UAC-19-05-2025.pdf\" target=\"_blank\" rel=\"noopener\"><span style=\"font-size: 18pt;\">Convenio de colaboraci\u00f3n TEEC-UAC<\/span><\/a><\/li>\n<li><a href=\"https:\/\/teec.org.mx\/web\/wp-content\/uploads\/2025\/04\/Convenio-TEEC-INE-23-04-2025.pdf\" target=\"_blank\" rel=\"noopener\"><span style=\"font-size: 18pt;\">Convenio de colaboraci\u00f3n TEEC-INE<\/span><\/a><\/li>\n<li><a href=\"https:\/\/teec.org.mx\/web\/wp-content\/uploads\/2025\/03\/Convenio-TEEC-CODHECAM-25-03-2025.pdf\" target=\"_blank\" rel=\"noopener\"><span style=\"font-size: 18pt;\">Convenio de colaboraci\u00f3n TEEC-CODHECAM<\/span><\/a><\/li>\n<li><a href=\"https:\/\/teec.org.mx\/web\/wp-content\/uploads\/2025\/03\/Convenio-TEEC-FGECAM-21-03-2025.pdf\" target=\"_blank\" rel=\"noopener\"><span style=\"font-size: 18pt;\">Convenio de colaboraci\u00f3n TEEC-FGECAM<\/span><\/a><\/li>\n<li><a href=\"https:\/\/teec.org.mx\/web\/wp-content\/uploads\/2025\/03\/Convenio-TEEC-IC-10-03-2025.pdf\" target=\"_blank\" rel=\"noopener\"><span style=\"font-size: 18pt;\">Convenio de colaboraci\u00f3n TEEC-Instituto Campechano<\/span><\/a><\/li>\n<li><a href=\"https:\/\/teec.org.mx\/web\/wp-content\/uploads\/2025\/02\/Convenio-TEEC-Poder-Judicial-19-02-2025.pdf\" target=\"_blank\" rel=\"noopener\"><span style=\"font-size: 18pt;\">Convenio de colaboraci\u00f3n TEEC-Poder Judicial<\/span><\/a><\/li>\n<li><a href=\"https:\/\/teec.org.mx\/web\/wp-content\/uploads\/2025\/02\/CONVENIO-TEEC-UNID-2025-14-02-2025.pdf\" target=\"_blank\" rel=\"noopener\"><span style=\"font-size: 18pt;\">Convenio de colaboraci\u00f3n TEEC-UNID<\/span><\/a><\/li>\n<li><a href=\"https:\/\/teec.org.mx\/web\/wp-content\/uploads\/2025\/02\/Conevio-TJAC-TEEC-12-02-2025.pdf\" target=\"_blank\" rel=\"noopener\"><span style=\"font-size: 18pt;\">Convenio de colaboraci\u00f3n TEEC-TJAC<\/span><\/a><\/li>\n<\/ul>\n<p>\u00a0<\/p>\n<h2 style=\"text-align: center;\"><strong><span style=\"font-size: 18pt;\">2024<\/span><\/strong><\/h2>\n<ul>\n<li><a href=\"https:\/\/teec.org.mx\/web\/wp-content\/uploads\/2024\/03\/Convenio-TEEC-ITES-2024-2026-22-02-2024.pdf\" target=\"_blank\" rel=\"noopener\"><span style=\"font-size: 18pt;\">Convenio de colaboraci\u00f3n TEEC-ITES Ren\u00e9 Descartes<\/span><\/a><\/li>\n<li><a href=\"https:\/\/teec.org.mx\/web\/wp-content\/uploads\/2024\/03\/Convenio-TEEC-Ki-Ich-Panil-2024-2026-06-03-2024.pdf\" target=\"_blank\" rel=\"noopener\"><span style=\"font-size: 18pt;\">Convenio de colaboraci\u00f3n TEEC-Ki Ich Panil<\/span><\/a><\/li>\n<li><a href=\"https:\/\/teec.org.mx\/web\/wp-content\/uploads\/2024\/03\/Convenio-TEEC-Renovacion-Campechana-2024-2026-09-03-2024.pdf\" target=\"_blank\" rel=\"noopener\"><span style=\"font-size: 18pt;\">Convenio TEEC &#8211; Renovaci\u00f3n Campechana<\/span><\/a><\/li>\n<li style=\"text-align: justify;\"><a href=\"https:\/\/teec.org.mx\/web\/wp-content\/uploads\/2024\/04\/Convenio-TEEC-INE-14-03-2024.pdf\" target=\"_blank\" rel=\"noopener\"><span style=\"font-size: 18pt;\">Convenio TEEC-Observatorio de Participaci\u00f3n Pol\u00edtica de las Mujeres en el Estado de Campeche-INE<\/span><\/a><\/li>\n<\/ul>\n<p>\u00a0<\/p>\n<h2 style=\"text-align: center;\"><strong><span style=\"font-size: 18pt;\">2023<\/span><\/strong><\/h2>\n<ul>\n<li><a href=\"https:\/\/teec.org.mx\/web\/wp-content\/uploads\/2023\/07\/Convenio-General-de-Colaboracion-TEEC-IEEC-18-07-2023.pdf\" target=\"_blank\" rel=\"noopener\"><span style=\"font-size: 18pt;\">Convenio general de colaboraci\u00f3n TEEC-IEEC<\/span><\/a><\/li>\n<li style=\"text-align: justify;\"><a href=\"https:\/\/teec.org.mx\/web\/wp-content\/uploads\/2023\/10\/Convenio-IEPAC-y-autoridades-de-la-Peninsula-03-10-2023.pdf\" target=\"_blank\" rel=\"noopener\"><span style=\"font-size: 18pt;\">Convenio de colaboraci\u00f3n, coordinaci\u00f3n y apoyo institucional IEPAC y autoridades de la Pen\u00ednsula<\/span><\/a><\/li>\n<\/ul>\n<p>\u00a0<\/p>\n<h2 style=\"text-align: center;\"><span style=\"font-size: 18pt;\"><strong>2022<\/strong><\/span><\/h2>\n<ul>\n<li><a href=\"https:\/\/teec.org.mx\/web\/wp-content\/uploads\/2022\/05\/Convenio-TEEC-UAC-2022-capacitacion-04-04-2022.pdf\" target=\"_blank\" rel=\"noopener\"><span style=\"font-size: 18pt;\">Convenio de colaboraci\u00f3n TEEC-UAC\u00a0<\/span><\/a><\/li>\n<li><a href=\"https:\/\/teec.org.mx\/web\/wp-content\/uploads\/2022\/05\/Convenio-TEEC-UAC-2022-SS-05-04-2022.pdf\" target=\"_blank\" rel=\"noopener\"><span style=\"font-size: 18pt;\">Convenio de colaboraci\u00f3n TEEC-UAC\u00a0<\/span><\/a><\/li>\n<li><a href=\"https:\/\/teec.org.mx\/web\/wp-content\/uploads\/2022\/04\/Convenio-TEEC-IMEC-11-04-2022.pdf\" target=\"_blank\" rel=\"noopener\"><span style=\"font-size: 18pt;\">Convenio de colaboraci\u00f3n TEEC-IMEC<\/span><\/a><\/li>\n<li><a href=\"https:\/\/teec.org.mx\/web\/wp-content\/uploads\/2022\/04\/Convenio-TEEC-CODHECAM-27-04-2022.pdf\" target=\"_blank\" rel=\"noopener\"><span style=\"font-size: 18pt;\">Convenio de colaboraci\u00f3n TEEC-CODHECAM<\/span><\/a><\/li>\n<li><a href=\"https:\/\/teec.org.mx\/web\/wp-content\/uploads\/2022\/05\/Convenio-TEPJF-TEEC-24-05-2022.pdf\" target=\"_blank\" rel=\"noopener\"><span style=\"font-size: 18pt;\">Convenio de colaboraci\u00f3n TEPJF-TEEC<\/span><\/a><\/li>\n<\/ul>\n<p>\u00a0<\/p>\n<h2 style=\"text-align: center;\"><span style=\"font-size: 18pt;\"><strong>2021<\/strong><\/span><\/h2>\n<ul>\n<li style=\"text-align: justify;\"><a href=\"https:\/\/teec.org.mx\/web\/wp-content\/uploads\/2021\/06\/Convenio-Colaboracion-TEEC-UVG-11-03-2021.pdf\" target=\"_blank\" rel=\"noopener\"><span style=\"font-size: 18pt;\">Convenio de colaboraci\u00f3n TEEC-UVG<\/span><\/a><\/li>\n<li style=\"text-align: justify;\"><a href=\"https:\/\/teec.org.mx\/web\/wp-content\/uploads\/2021\/03\/Convenio-TEEC-Contraloria-25-03-2021.pdf\" target=\"_blank\" rel=\"noopener\"><span style=\"font-size: 18pt;\">Convenio de colaboraci\u00f3n TEEC-SECONT<\/span><\/a><\/li>\n<li style=\"text-align: justify;\"><a href=\"https:\/\/teec.org.mx\/web\/wp-content\/uploads\/2021\/06\/Convenio-TEEC-IMEC-IEEC-FGECAM-25-03-2021.pdf\" target=\"_blank\" rel=\"noopener\"><span style=\"font-size: 18pt;\">Convenio espec\u00edfico de colaboraci\u00f3n interinstitucional TEEC-IMEC-IEEC-FGECAM<\/span><\/a><\/li>\n<li style=\"text-align: justify;\"><a href=\"https:\/\/teec.org.mx\/web\/wp-content\/uploads\/2021\/06\/Convenio-Colaboracion-TEEC-UNACAR-26-03-2021.pdf\" target=\"_blank\" rel=\"noopener\"><span style=\"font-size: 18pt;\">Convenio de colaboraci\u00f3n TEEC-UNACAR<\/span><\/a><\/li>\n<li style=\"text-align: justify;\"><a href=\"https:\/\/teec.org.mx\/web\/wp-content\/uploads\/2021\/06\/Convenio-Colaboracion-TEEC-IEEC-28-05-2021.pdf\" target=\"_blank\" rel=\"noopener\"><span style=\"font-size: 18pt;\">Convenio de colaboraci\u00f3n TEEC-IEEC<\/span><\/a><\/li>\n<li style=\"text-align: justify;\"><a href=\"https:\/\/teec.org.mx\/web\/wp-content\/uploads\/2022\/01\/Carta-Intencion-TEEC-CPC-03-11-2021.pdf\" target=\"_blank\" rel=\"noopener\"><span style=\"font-size: 18pt;\">Carta de Intenci\u00f3n TEEC-CPC<\/span><\/a><\/li>\n<\/ul>\n<p>\u00a0<\/p>\n<h2 style=\"text-align: center;\"><strong><span style=\"font-size: 18pt;\">2020<\/span><\/strong><\/h2>\n<ul>\n<li style=\"text-align: justify;\"><span style=\"font-size: 18pt;\"><a href=\"https:\/\/teec.org.mx\/web\/wp-content\/uploads\/2020\/12\/Carta-Acuerdo-viernes-artesanal-31-01-2020.pdf\" target=\"_blank\" rel=\"noopener noreferrer\">Carta Acuerdo con INEFAAC<\/a><\/span><\/li>\n<li style=\"text-align: justify;\"><a href=\"https:\/\/teec.org.mx\/web\/wp-content\/uploads\/2020\/12\/Convenio-COTAIPEC-10-02-2020.pdf\" target=\"_blank\" rel=\"noopener noreferrer\"><span style=\"font-size: 18pt;\">Convenio de colaboraci\u00f3n TEEC-COTAIPEC<\/span><\/a><span style=\"font-size: 18pt;\">\u00a0<\/span><\/li>\n<li style=\"text-align: justify;\"><a href=\"https:\/\/teec.org.mx\/web\/wp-content\/uploads\/2020\/12\/Convenio-General-UAC-27-02-2020.pdf\" target=\"_blank\" rel=\"noopener noreferrer\"><span style=\"font-size: 18pt;\">Convenio General TEEC-UAC<\/span><\/a><span style=\"font-size: 18pt;\">\u00a0<\/span><\/li>\n<li style=\"text-align: justify;\"><a href=\"https:\/\/teec.org.mx\/web\/wp-content\/uploads\/2020\/12\/Convenio-servicio-social-UAC-27-02-2020.pdf\" target=\"_blank\" rel=\"noopener noreferrer\"><span style=\"font-size: 18pt;\">Convenio Servicio Social TEEC-UAC<\/span><\/a><span style=\"font-size: 18pt;\">\u00a0<\/span><\/li>\n<li style=\"text-align: justify;\"><a href=\"https:\/\/teec.org.mx\/web\/wp-content\/uploads\/2020\/12\/Convenio-de-colaboracion-IMEC-18-03-2020.pdf\" target=\"_blank\" rel=\"noopener noreferrer\"><span style=\"font-size: 18pt;\">Convenio de colaboraci\u00f3n TEEC-IMEC<\/span><\/a><\/li>\n<li style=\"text-align: justify;\"><a href=\"https:\/\/teec.org.mx\/web\/wp-content\/uploads\/2020\/12\/Convenio-de-colaboracion-FECCECAM-29-07-2020.pdf\" target=\"_blank\" rel=\"noopener noreferrer\"><span style=\"font-size: 18pt;\">Convenio de colaboraci\u00f3n TEEC-FECCECAM<\/span><\/a><\/li>\n<li style=\"text-align: justify;\"><a href=\"https:\/\/teec.org.mx\/web\/wp-content\/uploads\/2020\/12\/Convenio-TEEC-AMECEE-18-08-2020.pdf\" target=\"_blank\" rel=\"noopener noreferrer\"><span style=\"font-size: 18pt;\">Convenio TEEC-AMECEE<\/span><\/a><\/li>\n<li style=\"text-align: justify;\"><a href=\"https:\/\/teec.org.mx\/web\/wp-content\/uploads\/2020\/12\/Carta-de-Intencion-TEEC-CPC-24-08-2020.pdf\" target=\"_blank\" rel=\"noopener noreferrer\"><span style=\"font-size: 18pt;\">Carta de Intenci\u00f3n TEEC-CPC<\/span><\/a><\/li>\n<li style=\"text-align: justify;\"><a href=\"https:\/\/teec.org.mx\/web\/wp-content\/uploads\/2022\/01\/Convenio-TEEC-IEEC-19-nov-2021.pdf\" target=\"_blank\" rel=\"noopener\"><span style=\"font-size: 18pt;\">Convenio General TEEC-IEEC<\/span><\/a><\/li>\n<li style=\"text-align: justify;\"><a href=\"https:\/\/teec.org.mx\/web\/wp-content\/uploads\/2020\/12\/Convenio-de-Colaboracion-TEEC-CODHECAM-11-12-2020.pdf\" target=\"_blank\" rel=\"noopener noreferrer\"><span style=\"font-size: 18pt;\">Convenio de Colaboraci\u00f3n TEEC-CODHECAM<\/span><\/a><\/li>\n<\/ul>\n\n\n\n<p><\/p>\n<\/div>\n\n\n\n<div class=\"wp-block-column is-layout-flow wp-block-column-is-layout-flow\" style=\"flex-basis:5%\"><\/div>\n<\/div>\n\n\n\n<p><\/p>\n","protected":false},"excerpt":{"rendered":"<p>\u00a0 2026 Convenio de colaboraci\u00f3n TEEC-Cultura Convenio de colaboraci\u00f3n TEEC-ITC \u00a0 2025 Convenio de colaboraci\u00f3n TEEC-SEINCAM Convenio de colaboraci\u00f3n TEEC-UVA\u00a0 Convenio de colaboraci\u00f3n TEEC-UTECAM Convenio de colaboraci\u00f3n TEEC-UICAM Convenio de colaboraci\u00f3n TEEC-CUME Convenio de colaboraci\u00f3n TEEC-UAC Convenio de colaboraci\u00f3n TEEC-INE Convenio de colaboraci\u00f3n TEEC-CODHECAM Convenio de colaboraci\u00f3n TEEC-FGECAM Convenio de colaboraci\u00f3n TEEC-Instituto Campechano Convenio de [&hellip;]<\/p>\n","protected":false},"author":1,"featured_media":0,"parent":0,"menu_order":0,"comment_status":"closed","ping_status":"closed","template":"","meta":{"footnotes":""},"yst_prominent_words":[678,688,685],"_links":{"self":[{"href":"https:\/\/teec.org.mx\/web\/wp-json\/wp\/v2\/pages\/7868"}],"collection":[{"href":"https:\/\/teec.org.mx\/web\/wp-json\/wp\/v2\/pages"}],"about":[{"href":"https:\/\/teec.org.mx\/web\/wp-json\/wp\/v2\/types\/page"}],"author":[{"embeddable":true,"href":"https:\/\/teec.org.mx\/web\/wp-json\/wp\/v2\/users\/1"}],"replies":[{"embeddable":true,"href":"https:\/\/teec.org.mx\/web\/wp-json\/wp\/v2\/comments?post=7868"}],"version-history":[{"count":43,"href":"https:\/\/teec.org.mx\/web\/wp-json\/wp\/v2\/pages\/7868\/revisions"}],"predecessor-version":[{"id":32930,"href":"https:\/\/teec.org.mx\/web\/wp-json\/wp\/v2\/pages\/7868\/revisions\/32930"}],"wp:attachment":[{"href":"https:\/\/teec.org.mx\/web\/wp-json\/wp\/v2\/media?parent=7868"}],"wp:term":[{"taxonomy":"yst_prominent_words","embeddable":true,"href":"https:\/\/teec.org.mx\/web\/wp-json\/wp\/v2\/yst_prominent_words?post=7868"}],"curies":[{"name":"wp","href":"https:\/\/api.w.org\/{rel}","templated":true}]}}